CRAN Package Check Results for Package gggenomes

Last updated on 2025-07-04 05:49:23 CEST.

Flavor Version Tinstall Tcheck Ttotal Status Flags
r-devel-linux-x86_64-debian-clang 1.0.1 11.27 256.41 267.68 NOTE
r-devel-linux-x86_64-debian-gcc 1.0.1 8.00 166.37 174.37 NOTE
r-devel-linux-x86_64-fedora-clang 1.0.1 407.82 NOTE
r-devel-linux-x86_64-fedora-gcc 1.0.1 444.26 NOTE
r-devel-windows-x86_64 1.0.1 15.00 278.00 293.00 NOTE
r-patched-linux-x86_64 1.0.1 15.32 238.76 254.08 NOTE
r-release-linux-x86_64 1.0.1 11.28 238.83 250.11 NOTE
r-release-macos-arm64 1.0.1 116.00 NOTE
r-release-macos-x86_64 1.0.1 232.00 NOTE
r-release-windows-x86_64 1.0.1 15.00 280.00 295.00 NOTE
r-oldrel-macos-arm64 1.0.1 115.00 OK
r-oldrel-macos-x86_64 1.0.1 306.00 OK
r-oldrel-windows-x86_64 1.0.1 20.00 347.00 367.00 OK

Check Details

Version: 1.0.1
Check: DESCRIPTION meta-information
Result: NOTE Missing dependency on R >= 4.1.0 because package code uses the pipe |> or function shorthand \(...) syntax added in R 4.1.0. File(s) using such syntax: ‘aaa.R’ ‘flip.R’ ‘geom_link.Rd’ ‘geom_seq.Rd’ ‘geom_seq_break.Rd’ ‘shift.Rd’ ‘track_info.Rd’ Flavors: r-devel-linux-x86_64-debian-clang, r-devel-linux-x86_64-debian-gcc, r-devel-linux-x86_64-fedora-clang, r-devel-linux-x86_64-fedora-gcc, r-devel-windows-x86_64, r-patched-linux-x86_64, r-release-linux-x86_64, r-release-macos-arm64, r-release-windows-x86_64

Version: 1.0.1
Check: DESCRIPTION meta-information
Result: NOTE Missing dependency on R >= 4.1.0 because package code uses the pipe |> or function shorthand \(...) syntax added in R 4.1.0. File(s) using such syntax: ‘aaa.R’ ‘flip.R’ Flavor: r-release-macos-x86_64