Last updated on 2024-05-02 04:00:19 CEST.
Flavor | Version | Tinstall | Tcheck | Ttotal | Status | Flags |
---|---|---|---|---|---|---|
r-devel-linux-x86_64-debian-clang | 1.0.0 | 4.48 | 73.02 | 77.50 | NOTE | |
r-devel-linux-x86_64-debian-gcc | 1.0.0 | 4.59 | 54.23 | 58.82 | NOTE | |
r-devel-linux-x86_64-fedora-clang | 1.0.0 | 100.08 | NOTE | |||
r-devel-linux-x86_64-fedora-gcc | 1.0.0 | 103.48 | NOTE | |||
r-devel-windows-x86_64 | 1.0.0 | 6.00 | 68.00 | 74.00 | NOTE | |
r-patched-linux-x86_64 | 1.0.0 | 4.66 | 70.22 | 74.88 | NOTE | |
r-release-linux-x86_64 | 1.0.0 | 4.45 | 68.83 | 73.28 | NOTE | |
r-release-macos-arm64 | 1.0.0 | 36.00 | NOTE | |||
r-release-windows-x86_64 | 1.0.0 | 7.00 | 69.00 | 76.00 | NOTE | |
r-oldrel-macos-arm64 | 1.0.0 | 37.00 | NOTE | |||
r-oldrel-macos-x86_64 | 1.0.0 | 58.00 | NOTE | |||
r-oldrel-windows-x86_64 | 1.0.0 | 8.00 | 76.00 | 84.00 | NOTE |
Version: 1.0.0
Check: LazyData
Result: NOTE
'LazyData' is specified without a 'data' directory
Flavors: r-devel-linux-x86_64-debian-clang, r-devel-linux-x86_64-debian-gcc, r-devel-linux-x86_64-fedora-clang, r-devel-linux-x86_64-fedora-gcc, r-devel-windows-x86_64, r-patched-linux-x86_64, r-release-linux-x86_64, r-release-macos-arm64, r-release-windows-x86_64, r-oldrel-macos-arm64, r-oldrel-macos-x86_64, r-oldrel-windows-x86_64