Last updated on 2025-01-26 03:49:48 CET.
Flavor | Version | Tinstall | Tcheck | Ttotal | Status | Flags |
---|---|---|---|---|---|---|
r-devel-linux-x86_64-debian-clang | 0.3.2 | 8.71 | 59.12 | 67.83 | NOTE | |
r-devel-linux-x86_64-debian-gcc | 0.3.2 | 5.25 | 40.44 | 45.69 | NOTE | |
r-devel-linux-x86_64-fedora-clang | 0.3.2 | 112.46 | OK | |||
r-devel-linux-x86_64-fedora-gcc | 0.3.2 | 102.97 | NOTE | |||
r-devel-windows-x86_64 | 0.3.2 | 10.00 | 72.00 | 82.00 | OK | |
r-patched-linux-x86_64 | 0.3.2 | 7.55 | 54.76 | 62.31 | OK | |
r-release-linux-x86_64 | 0.3.2 | 8.13 | 52.11 | 60.24 | OK | |
r-release-macos-arm64 | 0.3.2 | 31.00 | OK | |||
r-release-macos-x86_64 | 0.3.2 | 61.00 | OK | |||
r-release-windows-x86_64 | 0.3.2 | 10.00 | 75.00 | 85.00 | OK | |
r-oldrel-macos-arm64 | 0.3.2 | 36.00 | OK | |||
r-oldrel-macos-x86_64 | 0.3.2 | 59.00 | OK | |||
r-oldrel-windows-x86_64 | 0.3.2 | 14.00 | 86.00 | 100.00 | OK |
Version: 0.3.2
Check: DESCRIPTION meta-information
Result: NOTE
Missing dependency on R >= 4.1.0 because package code uses the pipe
|> or function shorthand \(...) syntax added in R 4.1.0.
File(s) using such syntax:
‘geometrical_data_analysis.R’ ‘utils.R’
Flavors: r-devel-linux-x86_64-debian-clang, r-devel-linux-x86_64-debian-gcc, r-devel-linux-x86_64-fedora-gcc