Last updated on 2025-07-03 04:50:57 CEST.
Flavor | Version | Tinstall | Tcheck | Ttotal | Status | Flags |
---|---|---|---|---|---|---|
r-devel-linux-x86_64-debian-clang | 0.1 | 19.40 | 146.57 | 165.97 | NOTE | |
r-devel-linux-x86_64-debian-gcc | 0.1 | 12.49 | 102.24 | 114.73 | NOTE | |
r-devel-linux-x86_64-fedora-clang | 0.1 | 251.18 | OK | |||
r-devel-linux-x86_64-fedora-gcc | 0.1 | 252.65 | OK | |||
r-devel-windows-x86_64 | 0.1 | 19.00 | 127.00 | 146.00 | OK | |
r-patched-linux-x86_64 | 0.1 | 18.63 | 134.34 | 152.97 | OK | |
r-release-linux-x86_64 | 0.1 | 18.28 | 136.67 | 154.95 | OK | |
r-release-macos-arm64 | 0.1 | 5.00 | ERROR | |||
r-release-macos-x86_64 | 0.1 | 6.00 | ERROR | |||
r-release-windows-x86_64 | 0.1 | 19.00 | 131.00 | 150.00 | OK | |
r-oldrel-macos-arm64 | 0.1 | 69.00 | OK | |||
r-oldrel-macos-x86_64 | 0.1 | 101.00 | OK | |||
r-oldrel-windows-x86_64 | 0.1 | 26.00 | 168.00 | 194.00 | OK |
Version: 0.1
Check: CRAN incoming feasibility
Result: NOTE
Maintainer: ‘Mohamed Soudy <MohmedSoudy2009@gmail.com>’
No Authors@R field in DESCRIPTION.
Please add one, modifying
Authors@R: person(given = "Mohamed",
family = "Soudy",
role = c("aut", "cre"),
email = "mohmedsoudy2009@gmail.com")
as necessary.
Flavors: r-devel-linux-x86_64-debian-clang, r-devel-linux-x86_64-debian-gcc
Version: 0.1
Check: package dependencies
Result: ERROR
Package required but not available: ‘ggmsa’
See section ‘The DESCRIPTION file’ in the ‘Writing R Extensions’
manual.
Flavors: r-release-macos-arm64, r-release-macos-x86_64