CRAN Package Check Results for Package ggExtra

Last updated on 2025-06-23 05:49:39 CEST.

Flavor Version Tinstall Tcheck Ttotal Status Flags
r-devel-linux-x86_64-debian-clang 0.10.1 5.34 52.37 57.71 NOTE
r-devel-linux-x86_64-debian-gcc 0.10.1 3.15 40.65 43.80 NOTE
r-devel-linux-x86_64-fedora-clang 0.10.1 82.94 NOTE
r-devel-linux-x86_64-fedora-gcc 0.10.1 96.72 NOTE
r-devel-windows-x86_64 0.10.1 7.00 73.00 80.00 OK
r-patched-linux-x86_64 0.10.1 5.22 49.99 55.21 NOTE
r-release-linux-x86_64 0.10.1 4.08 49.81 53.89 NOTE
r-release-macos-arm64 0.10.1 48.00 OK
r-release-macos-x86_64 0.10.1 84.00 OK
r-release-windows-x86_64 0.10.1 6.00 72.00 78.00 OK
r-oldrel-macos-arm64 0.10.1 37.00 OK
r-oldrel-macos-x86_64 0.10.1 67.00 OK
r-oldrel-windows-x86_64 0.10.1 9.00 85.00 94.00 OK

Check Details

Version: 0.10.1
Check: R code for possible problems
Result: NOTE Found the following assignments to the global environment: File ‘ggExtra/R/ggMarginalGadget.R’: assign(plotname, eval(parse(text = origPlot)), envir = .GlobalEnv) Flavors: r-devel-linux-x86_64-debian-clang, r-devel-linux-x86_64-debian-gcc, r-devel-linux-x86_64-fedora-clang, r-patched-linux-x86_64, r-release-linux-x86_64

Version: 0.10.1
Check: dependencies in R code
Result: NOTE Namespaces in Imports field not imported from: ‘R6’ ‘scales’ ‘utils’ All declared Imports should be used. Flavors: r-devel-linux-x86_64-fedora-clang, r-devel-linux-x86_64-fedora-gcc