Last updated on 2024-05-02 04:00:19 CEST.
Flavor | Version | Tinstall | Tcheck | Ttotal | Status | Flags |
---|---|---|---|---|---|---|
r-devel-linux-x86_64-debian-clang | 0.1.12 | 10.04 | 81.44 | 91.48 | OK | |
r-devel-linux-x86_64-debian-gcc | 0.1.12 | 6.85 | 60.06 | 66.91 | OK | |
r-devel-linux-x86_64-fedora-clang | 0.1.12 | 120.78 | NOTE | |||
r-devel-linux-x86_64-fedora-gcc | 0.1.12 | 124.31 | NOTE | |||
r-devel-windows-x86_64 | 0.1.12 | 10.00 | 87.00 | 97.00 | OK | |
r-patched-linux-x86_64 | 0.1.12 | 8.30 | 75.57 | 83.87 | OK | |
r-release-linux-x86_64 | 0.1.12 | 7.06 | 74.85 | 81.91 | OK | |
r-release-macos-arm64 | 0.1.12 | 39.00 | OK | |||
r-release-windows-x86_64 | 0.1.12 | 11.00 | 86.00 | 97.00 | OK | |
r-oldrel-macos-arm64 | 0.1.12 | 38.00 | OK | |||
r-oldrel-macos-x86_64 | 0.1.12 | 61.00 | OK | |||
r-oldrel-windows-x86_64 | 0.1.12 | 11.00 | 100.00 | 111.00 | OK |
Version: 0.1.12
Check: dependencies in R code
Result: NOTE
Namespaces in Imports field not imported from:
‘googlesheets4’ ‘tidyr’
All declared Imports should be used.
Flavors: r-devel-linux-x86_64-fedora-clang, r-devel-linux-x86_64-fedora-gcc