CRAN Package Check Results for Package getable

Last updated on 2025-05-16 05:49:08 CEST.

Flavor Version Tinstall Tcheck Ttotal Status Flags
r-devel-linux-x86_64-debian-clang 1.0.3 1.78 24.69 26.47 OK
r-devel-linux-x86_64-debian-gcc 1.0.3 1.26 19.99 21.25 OK
r-devel-linux-x86_64-fedora-clang 1.0.3 39.64 OK
r-devel-linux-x86_64-fedora-gcc 1.0.3 54.27 OK
r-devel-windows-x86_64 1.0.3 3.00 44.00 47.00 OK
r-patched-linux-x86_64 1.0.3 1.62 22.10 23.72 OK
r-release-linux-x86_64 1.0.3 1.49 21.99 23.48 OK
r-release-macos-arm64 1.0.3 35.00 OK
r-release-macos-x86_64 1.0.3 40.00 OK
r-release-windows-x86_64 1.0.3 3.00 44.00 47.00 OK
r-oldrel-macos-arm64 1.0.3 23.00 NOTE
r-oldrel-macos-x86_64 1.0.3 32.00 NOTE
r-oldrel-windows-x86_64 1.0.3 4.00 48.00 52.00 NOTE

Check Details

Version: 1.0.3
Check: LazyData
Result: NOTE 'LazyData' is specified without a 'data' directory Flavors: r-oldrel-macos-arm64, r-oldrel-macos-x86_64, r-oldrel-windows-x86_64