Last updated on 2024-05-02 04:00:19 CEST.
Flavor | Version | Tinstall | Tcheck | Ttotal | Status | Flags |
---|---|---|---|---|---|---|
r-devel-linux-x86_64-debian-clang | 0.1.8 | 13.32 | 188.60 | 201.92 | OK | |
r-devel-linux-x86_64-debian-gcc | 0.1.8 | 12.85 | 138.29 | 151.14 | OK | |
r-devel-linux-x86_64-fedora-clang | 0.1.8 | 258.88 | OK | |||
r-devel-linux-x86_64-fedora-gcc | 0.1.8 | 1.66 | ERROR | |||
r-devel-windows-x86_64 | 0.1.8 | 14.00 | 238.00 | 252.00 | OK | |
r-patched-linux-x86_64 | 0.1.8 | 10.55 | 177.73 | 188.28 | OK | |
r-release-linux-x86_64 | 0.1.8 | 9.30 | 178.19 | 187.49 | OK | |
r-release-macos-arm64 | 0.1.8 | 70.00 | OK | |||
r-release-windows-x86_64 | 0.1.8 | 14.00 | 235.00 | 249.00 | OK | |
r-oldrel-macos-arm64 | 0.1.8 | 76.00 | OK | |||
r-oldrel-macos-x86_64 | 0.1.8 | 181.00 | OK | |||
r-oldrel-windows-x86_64 | 0.1.8 | 18.00 | 237.00 | 255.00 | OK |
Version: 0.1.8
Check: package dependencies
Result: ERROR
Package required but not available: ‘gslnls’
See section ‘The DESCRIPTION file’ in the ‘Writing R Extensions’
manual.
Flavor: r-devel-linux-x86_64-fedora-gcc