Last updated on 2025-02-06 05:49:10 CET.
Flavor | Version | Tinstall | Tcheck | Ttotal | Status | Flags |
---|---|---|---|---|---|---|
r-devel-linux-x86_64-debian-clang | 0.1.0 | 18.36 | 28.95 | 47.31 | NOTE | |
r-devel-linux-x86_64-debian-gcc | 0.1.0 | 12.16 | 22.16 | 34.32 | NOTE | |
r-devel-linux-x86_64-fedora-clang | 0.1.0 | 91.94 | NOTE | |||
r-devel-linux-x86_64-fedora-gcc | 0.1.0 | 82.30 | NOTE | |||
r-devel-windows-x86_64 | 0.1.0 | 21.00 | 69.00 | 90.00 | NOTE | |
r-patched-linux-x86_64 | 0.1.0 | 16.17 | 27.45 | 43.62 | NOTE | |
r-release-linux-x86_64 | 0.1.0 | 18.68 | 27.38 | 46.06 | NOTE | |
r-release-macos-arm64 | 0.1.0 | 25.00 | NOTE | |||
r-release-macos-x86_64 | 0.1.0 | 37.00 | NOTE | |||
r-release-windows-x86_64 | 0.1.0 | 22.00 | 68.00 | 90.00 | NOTE | |
r-oldrel-macos-arm64 | 0.1.0 | 28.00 | NOTE | |||
r-oldrel-macos-x86_64 | 0.1.0 | 43.00 | NOTE | |||
r-oldrel-windows-x86_64 | 0.1.0 | 25.00 | 74.00 | 99.00 | NOTE |
Version: 0.1.0
Check: C++ specification
Result: NOTE
Specified C++11: please drop specification unless essential
Flavors: r-devel-linux-x86_64-debian-clang, r-devel-linux-x86_64-debian-gcc, r-devel-linux-x86_64-fedora-clang, r-devel-linux-x86_64-fedora-gcc, r-devel-windows-x86_64, r-patched-linux-x86_64, r-release-linux-x86_64, r-release-macos-arm64, r-release-macos-x86_64, r-release-windows-x86_64, r-oldrel-macos-arm64, r-oldrel-macos-x86_64, r-oldrel-windows-x86_64