Last updated on 2024-05-02 04:00:18 CEST.
Flavor | Version | Tinstall | Tcheck | Ttotal | Status | Flags |
---|---|---|---|---|---|---|
r-devel-linux-x86_64-debian-clang | 1.2.5 | 37.76 | 362.53 | 400.29 | OK | |
r-devel-linux-x86_64-debian-gcc | 1.2.5 | 32.95 | 259.22 | 292.17 | OK | |
r-devel-linux-x86_64-fedora-clang | 1.2.5 | 494.51 | OK | |||
r-devel-linux-x86_64-fedora-gcc | 1.2.5 | 485.87 | OK | |||
r-devel-windows-x86_64 | 1.2.5 | 38.00 | 251.00 | 289.00 | OK | |
r-patched-linux-x86_64 | 1.2.5 | 25.89 | 332.00 | 357.89 | OK | |
r-release-linux-x86_64 | 1.2.5 | 39.46 | 336.94 | 376.40 | OK | |
r-release-macos-arm64 | 1.2.5 | 118.00 | OK | |||
r-release-macos-x86_64 | 1.2.5 | 249.00 | OK | |||
r-release-windows-x86_64 | 1.2.5 | 36.00 | 254.00 | 290.00 | OK | |
r-oldrel-macos-arm64 | 1.2.5 | 187.00 | NOTE | |||
r-oldrel-macos-x86_64 | 1.2.5 | 370.00 | NOTE | |||
r-oldrel-windows-x86_64 | 1.2.5 | 48.00 | 346.00 | 394.00 | OK |
Version: 1.2.5
Check: package dependencies
Result: NOTE
Package suggested but not available for checking: ‘rrvgo’
Flavors: r-oldrel-macos-arm64, r-oldrel-macos-x86_64