Last updated on 2025-05-09 04:51:57 CEST.
Flavor | Version | Tinstall | Tcheck | Ttotal | Status | Flags |
---|---|---|---|---|---|---|
r-devel-linux-x86_64-debian-clang | 1.1.4 | 26.57 | 46.62 | 73.19 | NOTE | |
r-devel-linux-x86_64-debian-gcc | 1.1.4 | 19.30 | 36.13 | 55.43 | NOTE | |
r-devel-linux-x86_64-fedora-clang | 1.1.4 | 126.22 | OK | |||
r-devel-linux-x86_64-fedora-gcc | 1.1.4 | 140.66 | OK | |||
r-devel-windows-x86_64 | 1.1.4 | 33.00 | 115.00 | 148.00 | OK | |
r-patched-linux-x86_64 | 1.1.4 | 28.43 | 45.03 | 73.46 | OK | |
r-release-linux-x86_64 | 1.1.4 | 26.49 | 45.27 | 71.76 | OK | |
r-release-macos-arm64 | 1.1.4 | 58.00 | OK | |||
r-release-macos-x86_64 | 1.1.4 | 84.00 | OK | |||
r-release-windows-x86_64 | 1.1.4 | 33.00 | 112.00 | 145.00 | OK | |
r-oldrel-macos-arm64 | 1.1.4 | 49.00 | OK | |||
r-oldrel-macos-x86_64 | 1.1.4 | 71.00 | OK | |||
r-oldrel-windows-x86_64 | 1.1.4 | 37.00 | 128.00 | 165.00 | OK |
Version: 1.1.4
Check: CRAN incoming feasibility
Result: NOTE
Maintainer: ‘Ezequiel Smucler <ezequiels.90@gmail.com>’
No Authors@R field in DESCRIPTION.
Please add one, modifying
Authors@R: c(person(given = "Daniel",
family = "Peña",
role = "aut",
email = "daniel.pena@uc3m.es"),
person(given = "Ezequiel",
family = "Smucler",
role = c("aut", "cre"),
email = "ezequiels.90@gmail.com"),
person(given = "Victor",
family = "Yohai",
role = "aut",
email = "vyohai@dm.uba.ar"))
as necessary.
Flavors: r-devel-linux-x86_64-debian-clang, r-devel-linux-x86_64-debian-gcc