Last updated on 2025-06-30 05:48:25 CEST.
Flavor | Version | Tinstall | Tcheck | Ttotal | Status | Flags |
---|---|---|---|---|---|---|
r-devel-linux-x86_64-debian-clang | 0.0.1 | 3.48 | 36.52 | 40.00 | OK | |
r-devel-linux-x86_64-debian-gcc | 0.0.1 | 2.45 | 29.74 | 32.19 | OK | |
r-devel-linux-x86_64-fedora-clang | 0.0.1 | 61.95 | OK | |||
r-devel-linux-x86_64-fedora-gcc | 0.0.1 | 72.84 | OK | |||
r-devel-windows-x86_64 | 0.0.1 | 5.00 | 62.00 | 67.00 | OK | |
r-patched-linux-x86_64 | OK | |||||
r-release-linux-x86_64 | 0.0.1 | 3.22 | 34.25 | 37.47 | OK | |
r-release-macos-arm64 | 0.0.1 | 45.00 | OK | |||
r-release-macos-x86_64 | 0.0.1 | 78.00 | OK | |||
r-release-windows-x86_64 | 0.0.1 | 5.00 | 60.00 | 65.00 | OK | |
r-oldrel-macos-arm64 | 0.0.1 | 29.00 | NOTE | |||
r-oldrel-macos-x86_64 | 0.0.1 | 44.00 | NOTE | |||
r-oldrel-windows-x86_64 | 0.0.1 | 6.00 | 70.00 | 76.00 | NOTE |
Version: 0.0.1
Check: LazyData
Result: NOTE
'LazyData' is specified without a 'data' directory
Flavors: r-oldrel-macos-arm64, r-oldrel-macos-x86_64, r-oldrel-windows-x86_64