CRAN Package Check Results for Package gamlss.mx

Last updated on 2025-07-10 05:49:14 CEST.

Flavor Version Tinstall Tcheck Ttotal Status Flags
r-devel-linux-x86_64-debian-clang 6.0-1 8.61 64.65 73.26 NOTE
r-devel-linux-x86_64-debian-gcc 6.0-1 5.85 47.50 53.35 NOTE
r-devel-linux-x86_64-fedora-clang 6.0-1 110.11 OK
r-devel-linux-x86_64-fedora-gcc 6.0-1 111.98 OK
r-devel-windows-x86_64 6.0-1 9.00 74.00 83.00 OK
r-patched-linux-x86_64 6.0-1 8.63 60.96 69.59 OK
r-release-linux-x86_64 6.0-1 7.58 59.68 67.26 OK
r-release-macos-arm64 6.0-1 35.00 OK
r-release-macos-x86_64 6.0-1 62.00 OK
r-release-windows-x86_64 6.0-1 9.00 75.00 84.00 OK
r-oldrel-macos-arm64 6.0-1 32.00 OK
r-oldrel-macos-x86_64 6.0-1 55.00 OK
r-oldrel-windows-x86_64 6.0-1 17.00 90.00 107.00 OK

Check Details

Version: 6.0-1
Check: CRAN incoming feasibility
Result: NOTE Maintainer: ‘Mikis Stasinopoulos <d.stasinopoulos@gre.ac.uk>’ No Authors@R field in DESCRIPTION. Please add one, modifying Authors@R: c(person(given = "Mikis", family = "Stasinopoulos", role = c("aut", "cre"), email = "d.stasinopoulos@gre.ac.uk"), person(given = "Bob", family = "Rigby", role = "aut", email = "r.rigby@gre.ac.uk")) as necessary. Flavors: r-devel-linux-x86_64-debian-clang, r-devel-linux-x86_64-debian-gcc