Last updated on 2024-05-02 04:00:18 CEST.
Flavor | Version | Tinstall | Tcheck | Ttotal | Status | Flags |
---|---|---|---|---|---|---|
r-devel-linux-x86_64-debian-clang | 0.7.0 | 5.59 | 64.10 | 69.69 | NOTE | |
r-devel-linux-x86_64-debian-gcc | 0.7.0 | 5.43 | 47.59 | 53.02 | NOTE | |
r-devel-linux-x86_64-fedora-clang | 0.7.0 | 95.95 | NOTE | |||
r-devel-linux-x86_64-fedora-gcc | 0.7.0 | 83.14 | NOTE | |||
r-devel-windows-x86_64 | 0.7.0 | 7.00 | 62.00 | 69.00 | NOTE | |
r-patched-linux-x86_64 | 0.7.0 | 7.22 | 59.20 | 66.42 | NOTE | |
r-release-linux-x86_64 | 0.7.0 | 7.18 | 60.88 | 68.06 | NOTE | |
r-release-macos-arm64 | 0.7.0 | 27.00 | NOTE | |||
r-release-windows-x86_64 | 0.7.0 | 7.00 | 63.00 | 70.00 | NOTE | |
r-oldrel-macos-arm64 | 0.7.0 | 30.00 | NOTE | |||
r-oldrel-macos-x86_64 | 0.7.0 | 46.00 | NOTE | |||
r-oldrel-windows-x86_64 | 0.7.0 | 9.00 | 68.00 | 77.00 | NOTE |
Version: 0.7.0
Check: LazyData
Result: NOTE
'LazyData' is specified without a 'data' directory
Flavors: r-devel-linux-x86_64-debian-clang, r-devel-linux-x86_64-debian-gcc, r-devel-linux-x86_64-fedora-clang, r-devel-linux-x86_64-fedora-gcc, r-devel-windows-x86_64, r-patched-linux-x86_64, r-release-linux-x86_64, r-release-macos-arm64, r-release-windows-x86_64, r-oldrel-macos-arm64, r-oldrel-macos-x86_64, r-oldrel-windows-x86_64