Last updated on 2024-05-02 04:00:18 CEST.
Flavor | Version | Tinstall | Tcheck | Ttotal | Status | Flags |
---|---|---|---|---|---|---|
r-devel-linux-x86_64-debian-clang | 0.5.1 | 2.13 | 19.32 | 21.45 | OK | |
r-devel-linux-x86_64-debian-gcc | 0.5.1 | 2.18 | 15.52 | 17.70 | OK | |
r-devel-linux-x86_64-fedora-clang | 0.5.1 | 30.06 | NOTE | |||
r-devel-linux-x86_64-fedora-gcc | 0.5.1 | 27.24 | NOTE | |||
r-devel-windows-x86_64 | 0.5.1 | 4.00 | 42.00 | 46.00 | OK | |
r-patched-linux-x86_64 | 0.5.1 | 1.99 | 19.53 | 21.52 | OK | |
r-release-linux-x86_64 | 0.5.1 | 2.07 | 18.87 | 20.94 | OK | |
r-release-macos-arm64 | 0.5.1 | 15.00 | OK | |||
r-release-windows-x86_64 | 0.5.1 | 4.00 | 42.00 | 46.00 | OK | |
r-oldrel-macos-arm64 | 0.5.1 | 17.00 | OK | |||
r-oldrel-macos-x86_64 | 0.5.1 | 20.00 | OK | |||
r-oldrel-windows-x86_64 | 0.5.1 | 6.00 | 41.00 | 47.00 | OK |
Version: 0.5.1
Check: compiled code
Result: NOTE
File ‘gafit/libs/gafit.so’:
Found no calls to: ‘R_registerRoutines’, ‘R_useDynamicSymbols’
It is good practice to register native routines and to disable symbol
search.
See ‘Writing portable packages’ in the ‘Writing R Extensions’ manual.
Flavors: r-devel-linux-x86_64-fedora-clang, r-devel-linux-x86_64-fedora-gcc