Last updated on 2025-02-06 05:49:10 CET.
Flavor | Version | Tinstall | Tcheck | Ttotal | Status | Flags |
---|---|---|---|---|---|---|
r-devel-linux-x86_64-debian-clang | 0.3.2 | 1.72 | 19.40 | 21.12 | OK | |
r-devel-linux-x86_64-debian-gcc | 0.3.2 | 1.36 | 15.76 | 17.12 | OK | |
r-devel-linux-x86_64-fedora-clang | 0.3.2 | 34.18 | OK | |||
r-devel-linux-x86_64-fedora-gcc | 0.3.2 | 32.02 | OK | |||
r-devel-windows-x86_64 | 0.3.2 | 2.00 | 48.00 | 50.00 | OK | |
r-patched-linux-x86_64 | 0.3.2 | 1.70 | 18.75 | 20.45 | NOTE | |
r-release-linux-x86_64 | 0.3.2 | 1.67 | 18.38 | 20.05 | NOTE | |
r-release-macos-arm64 | 0.3.2 | 16.00 | NOTE | |||
r-release-macos-x86_64 | 0.3.2 | 24.00 | NOTE | |||
r-release-windows-x86_64 | 0.3.2 | 3.00 | 47.00 | 50.00 | NOTE | |
r-oldrel-macos-arm64 | 0.3.2 | 17.00 | NOTE | |||
r-oldrel-macos-x86_64 | 0.3.2 | 21.00 | NOTE | |||
r-oldrel-windows-x86_64 | 0.3.2 | 2.00 | 48.00 | 50.00 | NOTE |
Version: 0.3.2
Check: LazyData
Result: NOTE
'LazyData' is specified without a 'data' directory
Flavors: r-patched-linux-x86_64, r-release-linux-x86_64, r-release-macos-arm64, r-release-macos-x86_64, r-release-windows-x86_64, r-oldrel-macos-arm64, r-oldrel-macos-x86_64, r-oldrel-windows-x86_64