CRAN Package Check Results for Package funFEM

Last updated on 2025-07-27 05:48:31 CEST.

Flavor Version Tinstall Tcheck Ttotal Status Flags
r-devel-linux-x86_64-debian-clang 1.2 8.11 66.55 74.66 NOTE
r-devel-linux-x86_64-debian-gcc 1.2 6.85 51.41 58.26 NOTE
r-devel-linux-x86_64-fedora-clang 1.2 115.34 OK
r-devel-linux-x86_64-fedora-gcc 1.2 109.07 OK
r-devel-windows-x86_64 1.2 9.00 88.00 97.00 OK
r-patched-linux-x86_64 1.2 7.62 64.25 71.87 OK
r-release-linux-x86_64 1.2 7.89 63.66 71.55 OK
r-release-macos-arm64 1.2 38.00 OK
r-release-macos-x86_64 1.2 66.00 OK
r-release-windows-x86_64 1.2 9.00 82.00 91.00 OK
r-oldrel-macos-arm64 1.2 36.00 OK
r-oldrel-macos-x86_64 1.2 52.00 OK
r-oldrel-windows-x86_64 1.2 12.00 100.00 112.00 OK

Check Details

Version: 1.2
Check: CRAN incoming feasibility
Result: NOTE Maintainer: ‘Charles Bouveyron <charles.bouveyron@gmail.com>’ No Authors@R field in DESCRIPTION. Please add one, modifying Authors@R: person(given = "Charles", family = "Bouveyron", role = c("aut", "cre"), email = "charles.bouveyron@gmail.com") as necessary. Flavors: r-devel-linux-x86_64-debian-clang, r-devel-linux-x86_64-debian-gcc