Last updated on 2024-05-02 04:00:18 CEST.
Flavor | Version | Tinstall | Tcheck | Ttotal | Status | Flags |
---|---|---|---|---|---|---|
r-devel-linux-x86_64-debian-clang | 1.6.4 | 48.89 | 74.67 | 123.56 | NOTE | |
r-devel-linux-x86_64-debian-gcc | 1.6.4 | 35.52 | 54.87 | 90.39 | NOTE | |
r-devel-linux-x86_64-fedora-clang | 1.6.4 | 175.38 | NOTE | |||
r-devel-linux-x86_64-fedora-gcc | 1.6.4 | 177.27 | NOTE | |||
r-devel-windows-x86_64 | 1.6.4 | 89.00 | 79.00 | 168.00 | NOTE | |
r-patched-linux-x86_64 | 1.6.3 | 47.03 | 71.99 | 119.02 | NOTE | |
r-release-linux-x86_64 | 1.6.4 | 47.42 | 71.94 | 119.36 | NOTE | |
r-release-macos-arm64 | 1.6.4 | 103.00 | NOTE | |||
r-release-macos-x86_64 | 1.6.4 | 207.00 | NOTE | |||
r-release-windows-x86_64 | 1.6.4 | 93.00 | 80.00 | 173.00 | NOTE | |
r-oldrel-macos-arm64 | 1.6.4 | 111.00 | NOTE | |||
r-oldrel-macos-x86_64 | 1.6.4 | 211.00 | NOTE | |||
r-oldrel-windows-x86_64 | 1.6.4 | 85.00 | 86.00 | 171.00 | NOTE |
Version: 1.6.4
Check: for GNU extensions in Makefiles
Result: NOTE
GNU make is a SystemRequirements.
Flavors: r-devel-linux-x86_64-debian-clang, r-devel-linux-x86_64-debian-gcc, r-devel-linux-x86_64-fedora-clang, r-devel-linux-x86_64-fedora-gcc, r-devel-windows-x86_64, r-release-linux-x86_64, r-release-macos-arm64, r-release-macos-x86_64, r-release-windows-x86_64, r-oldrel-macos-arm64, r-oldrel-macos-x86_64, r-oldrel-windows-x86_64
Version: 1.6.3
Check: for GNU extensions in Makefiles
Result: NOTE
GNU make is a SystemRequirements.
Flavor: r-patched-linux-x86_64