Last updated on 2024-05-02 04:00:18 CEST.
Flavor | Version | Tinstall | Tcheck | Ttotal | Status | Flags |
---|---|---|---|---|---|---|
r-devel-linux-x86_64-debian-clang | 1.1-8 | 12.75 | 161.32 | 174.07 | OK | |
r-devel-linux-x86_64-debian-gcc | 1.1-8 | 7.58 | 120.07 | 127.65 | ERROR | |
r-devel-linux-x86_64-fedora-clang | 1.1-8 | 221.63 | OK | |||
r-devel-linux-x86_64-fedora-gcc | 1.1-8 | 216.59 | OK | |||
r-devel-windows-x86_64 | 1.1-8 | 9.00 | 156.00 | 165.00 | OK | |
r-patched-linux-x86_64 | 1.1-8 | 10.13 | 158.12 | 168.25 | OK | |
r-release-linux-x86_64 | 1.1-8 | 7.44 | 156.01 | 163.45 | OK | |
r-release-macos-arm64 | 1.1-8 | 63.00 | OK | |||
r-release-windows-x86_64 | 1.1-8 | 10.00 | 156.00 | 166.00 | OK | |
r-oldrel-macos-arm64 | 1.1-8 | 74.00 | OK | |||
r-oldrel-macos-x86_64 | 1.1-8 | 157.00 | OK | |||
r-oldrel-windows-x86_64 | 1.1-8 | 13.00 | 185.00 | 198.00 | OK |
Version: 1.1-8
Check: tests
Result: ERROR
Running ‘testthat.R’ [34s/48s]
Running the tests in ‘tests/testthat.R’ failed.
Complete output:
> library("testthat")
> test_check("freegroup")
Loading required package: freegroup
Loading required package: plyr
Attaching package: 'freegroup'
The following object is masked from 'package:plyr':
id
[ FAIL 1 | WARN 0 | SKIP 0 | PASS 1006 ]
══ Failed tests ════════════════════════════════════════════════════════════════
── Failure ('test_aab.R:7:5'): Test suite aab.R ────────────────────────────────
all(X == X %>% autosub("a", S) %>% autosub("a", -S)) is not TRUE
`actual`: FALSE
`expected`: TRUE
Backtrace:
▆
1. └─freegroup (local) autosub_checker(X = rfree(n, r), S = discard(rfree(1, r), "a")) at test_aab.R:19:9
2. └─testthat::expect_true(...) at test_aab.R:7:5
[ FAIL 1 | WARN 0 | SKIP 0 | PASS 1006 ]
Error: Test failures
Execution halted
Flavor: r-devel-linux-x86_64-debian-gcc