Last updated on 2025-02-21 05:50:43 CET.
Flavor | Version | Tinstall | Tcheck | Ttotal | Status | Flags |
---|---|---|---|---|---|---|
r-devel-linux-x86_64-debian-clang | 2.6.2 | 6.96 | 61.26 | 68.22 | NOTE | |
r-devel-linux-x86_64-debian-gcc | 2.6.2 | 5.65 | 43.10 | 48.75 | NOTE | |
r-devel-linux-x86_64-fedora-clang | 2.6.2 | 108.67 | NOTE | |||
r-devel-linux-x86_64-fedora-gcc | 2.6.2 | 100.90 | NOTE | |||
r-devel-macos-arm64 | 2.6.2 | 35.00 | NOTE | |||
r-devel-macos-x86_64 | 2.6.2 | 77.00 | NOTE | |||
r-devel-windows-x86_64 | 2.6.2 | 9.00 | 78.00 | 87.00 | NOTE | |
r-patched-linux-x86_64 | 2.6.2 | 7.09 | 56.74 | 63.83 | NOTE | |
r-release-linux-x86_64 | 2.6.2 | 6.14 | 58.58 | 64.72 | NOTE | |
r-release-macos-arm64 | 2.6.2 | 29.00 | NOTE | |||
r-release-macos-x86_64 | 2.6.2 | 47.00 | NOTE | |||
r-release-windows-x86_64 | 2.6.2 | 10.00 | 71.00 | 81.00 | NOTE | |
r-oldrel-macos-arm64 | 2.6.2 | 33.00 | OK | |||
r-oldrel-macos-x86_64 | 2.6.2 | 51.00 | OK | |||
r-oldrel-windows-x86_64 | 2.6.2 | 11.00 | 95.00 | 106.00 | OK |
Version: 2.6.2
Check: Rd files
Result: NOTE
checkRd: (-1) errorMetricFunctions.Rd:48: Lost braces
48 | The metric MdAE is obtained using code{type = "AE"} and \code{statistic = "Md"}
| ^
Flavors: r-devel-linux-x86_64-debian-clang, r-devel-linux-x86_64-debian-gcc, r-devel-linux-x86_64-fedora-clang, r-devel-linux-x86_64-fedora-gcc, r-devel-macos-arm64, r-devel-macos-x86_64, r-devel-windows-x86_64, r-patched-linux-x86_64, r-release-linux-x86_64, r-release-macos-arm64, r-release-macos-x86_64, r-release-windows-x86_64