Last updated on 2024-05-02 04:00:18 CEST.
Flavor | Version | Tinstall | Tcheck | Ttotal | Status | Flags |
---|---|---|---|---|---|---|
r-devel-linux-x86_64-debian-clang | 1.1 | 2.75 | 18.70 | 21.45 | NOTE | |
r-devel-linux-x86_64-debian-gcc | 1.1 | 2.10 | 14.59 | 16.69 | NOTE | |
r-devel-linux-x86_64-fedora-clang | 1.1 | 27.09 | NOTE | |||
r-devel-linux-x86_64-fedora-gcc | 1.1 | 25.12 | NOTE | |||
r-devel-windows-x86_64 | 1.1 | 3.00 | 35.00 | 38.00 | NOTE | |
r-patched-linux-x86_64 | 1.1 | 2.32 | 18.11 | 20.43 | NOTE | |
r-release-linux-x86_64 | 1.1 | 2.73 | 18.25 | 20.98 | NOTE | |
r-release-macos-arm64 | 1.1 | 14.00 | NOTE | |||
r-release-windows-x86_64 | 1.1 | 4.00 | 35.00 | 39.00 | NOTE | |
r-oldrel-macos-arm64 | 1.1 | 13.00 | NOTE | |||
r-oldrel-macos-x86_64 | 1.1 | 18.00 | NOTE | |||
r-oldrel-windows-x86_64 | 1.1 | 4.00 | 35.00 | 39.00 | NOTE |
Version: 1.1
Check: DESCRIPTION meta-information
Result: NOTE
Malformed Description field: should contain one or more complete sentences.
Flavors: r-devel-linux-x86_64-debian-clang, r-devel-linux-x86_64-debian-gcc, r-devel-linux-x86_64-fedora-clang, r-devel-linux-x86_64-fedora-gcc, r-devel-windows-x86_64, r-patched-linux-x86_64, r-release-linux-x86_64, r-release-macos-arm64, r-release-windows-x86_64, r-oldrel-macos-arm64, r-oldrel-macos-x86_64, r-oldrel-windows-x86_64
Version: 1.1
Check: installed package size
Result: NOTE
installed size is 6.7Mb
sub-directories of 1Mb or more:
fonts 6.6Mb
Flavors: r-devel-linux-x86_64-fedora-clang, r-devel-windows-x86_64, r-release-macos-arm64, r-release-windows-x86_64, r-oldrel-macos-arm64, r-oldrel-macos-x86_64, r-oldrel-windows-x86_64