Last updated on 2025-07-27 05:48:31 CEST.
Flavor | Version | Tinstall | Tcheck | Ttotal | Status | Flags |
---|---|---|---|---|---|---|
r-devel-linux-x86_64-debian-clang | 0.1.2 | 24.26 | 347.45 | 371.71 | OK | |
r-devel-linux-x86_64-debian-gcc | 0.1.2 | 17.52 | 246.77 | 264.29 | OK | |
r-devel-linux-x86_64-fedora-clang | 0.1.2 | 671.72 | OK | |||
r-devel-linux-x86_64-fedora-gcc | 0.1.2 | 654.78 | OK | |||
r-devel-windows-x86_64 | 0.1.2 | 26.00 | 505.00 | 531.00 | OK | |
r-patched-linux-x86_64 | 0.1.2 | 24.11 | 345.54 | 369.65 | OK | |
r-release-linux-x86_64 | 0.1.2 | 23.78 | 341.96 | 365.74 | OK | |
r-release-macos-arm64 | 0.1.2 | 81.00 | OK | |||
r-release-macos-x86_64 | 0.1.2 | 175.00 | OK | |||
r-release-windows-x86_64 | 0.1.2 | 25.00 | 467.00 | 492.00 | OK | |
r-oldrel-macos-arm64 | 0.1.2 | 241.00 | NOTE | |||
r-oldrel-macos-x86_64 | 0.1.2 | 325.00 | NOTE | |||
r-oldrel-windows-x86_64 | 0.1.2 | 25.00 | 559.00 | 584.00 | OK |
Version: 0.1.2
Check: installed package size
Result: NOTE
installed size is 8.2Mb
sub-directories of 1Mb or more:
libs 7.3Mb
Flavors: r-oldrel-macos-arm64, r-oldrel-macos-x86_64