Last updated on 2024-05-02 04:00:17 CEST.
Flavor | Version | Tinstall | Tcheck | Ttotal | Status | Flags |
---|---|---|---|---|---|---|
r-devel-linux-x86_64-debian-clang | 0.9.5 | 27.52 | 310.81 | 338.33 | OK | |
r-devel-linux-x86_64-debian-gcc | 0.9.5 | 18.49 | 213.23 | 231.72 | OK | |
r-devel-linux-x86_64-fedora-clang | 0.9.5 | 398.26 | OK | |||
r-devel-linux-x86_64-fedora-gcc | 0.9.5 | 394.09 | OK | |||
r-devel-windows-x86_64 | 0.9.5 | 24.00 | 263.00 | 287.00 | OK | |
r-patched-linux-x86_64 | 0.9.5 | 28.79 | 283.89 | 312.68 | OK | |
r-release-linux-x86_64 | 0.9.5 | 14.92 | 288.02 | 302.94 | OK | |
r-release-macos-arm64 | 0.9.5 | 107.00 | NOTE | |||
r-release-macos-x86_64 | 0.9.5 | 245.00 | OK | |||
r-release-windows-x86_64 | 0.9.5 | 23.00 | 262.00 | 285.00 | OK | |
r-oldrel-macos-arm64 | 0.9.5 | 102.00 | OK | |||
r-oldrel-macos-x86_64 | 0.9.5 | 232.00 | OK | |||
r-oldrel-windows-x86_64 | 0.9.5 | 28.00 | 388.00 | 416.00 | OK |
Version: 0.9.5
Check: package dependencies
Result: NOTE
Package suggested but not available for checking: ‘testthat’
Flavor: r-release-macos-arm64