Last updated on 2025-02-20 04:51:12 CET.
Flavor | Version | Tinstall | Tcheck | Ttotal | Status | Flags |
---|---|---|---|---|---|---|
r-devel-linux-x86_64-debian-clang | 0.2.0 | 1.42 | 19.10 | 20.52 | NOTE | |
r-devel-linux-x86_64-debian-gcc | 0.2.0 | 1.33 | 14.92 | 16.25 | NOTE | |
r-devel-linux-x86_64-fedora-clang | 0.2.0 | 33.08 | NOTE | |||
r-devel-linux-x86_64-fedora-gcc | 0.2.0 | 31.14 | NOTE | |||
r-devel-macos-arm64 | 0.2.0 | 13.00 | OK | |||
r-devel-macos-x86_64 | 0.2.0 | 26.00 | NOTE | |||
r-devel-windows-x86_64 | 0.2.0 | 3.00 | 41.00 | 44.00 | NOTE | |
r-patched-linux-x86_64 | 0.2.0 | 1.68 | 17.94 | 19.62 | OK | |
r-release-linux-x86_64 | 0.2.0 | 1.50 | 18.08 | 19.58 | OK | |
r-release-macos-arm64 | 0.2.0 | 19.00 | OK | |||
r-release-macos-x86_64 | 0.2.0 | 33.00 | OK | |||
r-release-windows-x86_64 | 0.2.0 | 2.00 | 41.00 | 43.00 | OK | |
r-oldrel-macos-arm64 | 0.2.0 | 20.00 | OK | |||
r-oldrel-macos-x86_64 | 0.2.0 | 35.00 | OK | |||
r-oldrel-windows-x86_64 | 0.2.0 | 3.00 | 48.00 | 51.00 | OK |
Version: 0.2.0
Check: DESCRIPTION meta-information
Result: NOTE
Missing dependency on R >= 4.1.0 because package code uses the pipe
|> or function shorthand \(...) syntax added in R 4.1.0.
File(s) using such syntax:
‘projection.R’
Flavors: r-devel-linux-x86_64-debian-clang, r-devel-linux-x86_64-debian-gcc, r-devel-linux-x86_64-fedora-clang, r-devel-linux-x86_64-fedora-gcc, r-devel-macos-x86_64, r-devel-windows-x86_64