Last updated on 2025-07-19 05:49:41 CEST.
Flavor | Version | Tinstall | Tcheck | Ttotal | Status | Flags |
---|---|---|---|---|---|---|
r-devel-linux-x86_64-debian-clang | 0.12.1 | 99.34 | 297.42 | 396.76 | NOTE | |
r-devel-linux-x86_64-debian-gcc | 0.12.1 | 71.98 | 185.90 | 257.88 | NOTE | |
r-devel-linux-x86_64-fedora-clang | 0.12.1 | 612.09 | OK | |||
r-devel-linux-x86_64-fedora-gcc | 0.12.1 | 687.52 | OK | |||
r-devel-windows-x86_64 | 0.12.1 | 106.00 | 308.00 | 414.00 | NOTE | |
r-patched-linux-x86_64 | 0.12.1 | 106.00 | 270.98 | 376.98 | NOTE | |
r-release-linux-x86_64 | 0.12.1 | 101.54 | 266.27 | 367.81 | NOTE | |
r-release-macos-arm64 | 0.12.1 | 174.00 | OK | |||
r-release-macos-x86_64 | 0.12.1 | 292.00 | OK | |||
r-release-windows-x86_64 | 0.12.1 | 99.00 | 304.00 | 403.00 | NOTE | |
r-oldrel-macos-arm64 | 0.12.1 | 183.00 | NOTE | |||
r-oldrel-macos-x86_64 | 0.12.1 | 460.00 | NOTE | |||
r-oldrel-windows-x86_64 | 0.12.1 | 130.00 | 393.00 | 523.00 | NOTE |
Version: 0.12.1
Check: Rd cross-references
Result: NOTE
Found the following Rd file(s) with Rd \link{} targets missing package
anchors:
feNmlm.Rd: jacobian, genD
Please provide package anchors for all Rd \link{} targets not in the
package itself and the base packages.
Flavors: r-devel-linux-x86_64-debian-clang, r-devel-linux-x86_64-debian-gcc, r-devel-windows-x86_64, r-patched-linux-x86_64, r-release-linux-x86_64, r-release-windows-x86_64
Version: 0.12.1
Check: installed package size
Result: NOTE
installed size is 11.8Mb
sub-directories of 1Mb or more:
R 2.0Mb
doc 3.6Mb
libs 5.0Mb
Flavors: r-oldrel-macos-arm64, r-oldrel-macos-x86_64, r-oldrel-windows-x86_64