CRAN Package Check Results for Package fitode

Last updated on 2025-07-04 05:49:22 CEST.

Flavor Version Tinstall Tcheck Ttotal Status Flags
r-devel-linux-x86_64-debian-clang 0.1.1 13.52 243.06 256.58 NOTE
r-devel-linux-x86_64-debian-gcc 0.1.1 7.93 170.18 178.11 NOTE
r-devel-linux-x86_64-fedora-clang 0.1.1 462.96 OK
r-devel-linux-x86_64-fedora-gcc 0.1.1 465.04 OK
r-devel-windows-x86_64 0.1.1 12.00 289.00 301.00 NOTE
r-patched-linux-x86_64 0.1.1 14.50 264.11 278.61 NOTE
r-release-linux-x86_64 0.1.1 13.02 265.94 278.96 NOTE
r-release-macos-arm64 0.1.1 140.00 OK
r-release-macos-x86_64 0.1.1 310.00 OK
r-release-windows-x86_64 0.1.1 14.00 295.00 309.00 NOTE
r-oldrel-macos-arm64 0.1.1 121.00 OK
r-oldrel-macos-x86_64 0.1.1 433.00 OK
r-oldrel-windows-x86_64 0.1.1 18.00 403.00 421.00 OK

Check Details

Version: 0.1.1
Check: Rd cross-references
Result: NOTE Found the following Rd file(s) with Rd \link{} targets missing package anchors: fitode-class.Rd: mle2-class fitode.Rd: ode, ginv, mle2 fitodeMCMC.Rd: ode logLik.sensitivity.Rd: ode ode.sensitivity.Rd: ode summary-fitodeMCMC-method.Rd: effectiveSize, gelman.diag Please provide package anchors for all Rd \link{} targets not in the package itself and the base packages. Flavors: r-devel-linux-x86_64-debian-clang, r-devel-linux-x86_64-debian-gcc, r-devel-windows-x86_64, r-patched-linux-x86_64, r-release-linux-x86_64, r-release-windows-x86_64