CRAN Package Check Results for Package fishtree

Last updated on 2025-05-09 04:51:57 CEST.

Flavor Version Tinstall Tcheck Ttotal Status Flags
r-devel-linux-x86_64-debian-clang 0.3.4 2.15 34.53 36.68 OK
r-devel-linux-x86_64-debian-gcc 0.3.4 1.66 27.79 29.45 OK
r-devel-linux-x86_64-fedora-clang 0.3.4 60.51 OK
r-devel-linux-x86_64-fedora-gcc 0.3.4 72.87 OK
r-devel-windows-x86_64 0.3.4 3.00 55.00 58.00 OK
r-patched-linux-x86_64 0.3.4 2.08 31.82 33.90 OK
r-release-linux-x86_64 0.3.4 2.02 31.82 33.84 OK
r-release-macos-arm64 0.3.4 35.00 OK
r-release-macos-x86_64 0.3.4 60.00 OK
r-release-windows-x86_64 0.3.4 4.00 58.00 62.00 OK
r-oldrel-macos-arm64 0.3.4 29.00 NOTE
r-oldrel-macos-x86_64 0.3.4 50.00 NOTE
r-oldrel-windows-x86_64 0.3.4 4.00 60.00 64.00 NOTE

Check Details

Version: 0.3.4
Check: LazyData
Result: NOTE 'LazyData' is specified without a 'data' directory Flavors: r-oldrel-macos-arm64, r-oldrel-macos-x86_64, r-oldrel-windows-x86_64