Last updated on 2024-05-02 04:00:17 CEST.
Flavor | Version | Tinstall | Tcheck | Ttotal | Status | Flags |
---|---|---|---|---|---|---|
r-devel-linux-x86_64-debian-clang | 1.0 | 11.13 | 104.00 | 115.13 | NOTE | |
r-devel-linux-x86_64-debian-gcc | 1.0 | 10.53 | 78.47 | 89.00 | NOTE | |
r-devel-linux-x86_64-fedora-clang | 1.0 | 146.66 | NOTE | |||
r-devel-linux-x86_64-fedora-gcc | 1.0 | 135.97 | NOTE | |||
r-devel-windows-x86_64 | 1.0 | 11.00 | 92.00 | 103.00 | NOTE | |
r-patched-linux-x86_64 | 1.0 | 7.70 | 99.55 | 107.25 | NOTE | |
r-release-linux-x86_64 | 1.0 | 7.52 | 99.30 | 106.82 | NOTE | |
r-release-macos-arm64 | 1.0 | 44.00 | NOTE | |||
r-release-windows-x86_64 | 1.0 | 12.00 | 92.00 | 104.00 | NOTE | |
r-oldrel-macos-arm64 | 1.0 | 43.00 | NOTE | |||
r-oldrel-macos-x86_64 | 1.0 | 68.00 | NOTE | |||
r-oldrel-windows-x86_64 | 1.0 | 15.00 | 111.00 | 126.00 | NOTE |
Version: 1.0
Check: LazyData
Result: NOTE
'LazyData' is specified without a 'data' directory
Flavors: r-devel-linux-x86_64-debian-clang, r-devel-linux-x86_64-debian-gcc, r-devel-linux-x86_64-fedora-clang, r-devel-linux-x86_64-fedora-gcc, r-devel-windows-x86_64, r-patched-linux-x86_64, r-release-linux-x86_64, r-release-macos-arm64, r-release-windows-x86_64, r-oldrel-macos-arm64, r-oldrel-macos-x86_64, r-oldrel-windows-x86_64