Last updated on 2025-02-06 05:49:09 CET.
Flavor | Version | Tinstall | Tcheck | Ttotal | Status | Flags |
---|---|---|---|---|---|---|
r-devel-linux-x86_64-debian-clang | 1.0 | 9.60 | 81.51 | 91.11 | OK | |
r-devel-linux-x86_64-debian-gcc | 1.0 | 8.19 | 61.62 | 69.81 | OK | |
r-devel-linux-x86_64-fedora-clang | 1.0 | 149.46 | OK | |||
r-devel-linux-x86_64-fedora-gcc | 1.0 | 136.71 | OK | |||
r-devel-windows-x86_64 | 1.0 | 12.00 | 99.00 | 111.00 | OK | |
r-patched-linux-x86_64 | 1.0 | 10.28 | 75.40 | 85.68 | NOTE | |
r-release-linux-x86_64 | 1.0 | 10.32 | 75.43 | 85.75 | NOTE | |
r-release-macos-arm64 | 1.0 | 44.00 | NOTE | |||
r-release-macos-x86_64 | 1.0 | 60.00 | NOTE | |||
r-release-windows-x86_64 | 1.0 | 12.00 | 92.00 | 104.00 | NOTE | |
r-oldrel-macos-arm64 | 1.0 | 43.00 | NOTE | |||
r-oldrel-macos-x86_64 | 1.0 | 68.00 | NOTE | |||
r-oldrel-windows-x86_64 | 1.0 | 16.00 | 110.00 | 126.00 | NOTE |
Version: 1.0
Check: LazyData
Result: NOTE
'LazyData' is specified without a 'data' directory
Flavors: r-patched-linux-x86_64, r-release-linux-x86_64, r-release-macos-arm64, r-release-macos-x86_64, r-release-windows-x86_64, r-oldrel-macos-arm64, r-oldrel-macos-x86_64, r-oldrel-windows-x86_64