Last updated on 2024-05-02 04:00:17 CEST.
Flavor | Version | Tinstall | Tcheck | Ttotal | Status | Flags |
---|---|---|---|---|---|---|
r-devel-linux-x86_64-debian-clang | 1.0.3 | 4.17 | 33.04 | 37.21 | OK | |
r-devel-linux-x86_64-debian-gcc | 1.0.3 | 2.99 | 24.76 | 27.75 | OK | |
r-devel-linux-x86_64-fedora-clang | 1.0.3 | 46.37 | NOTE | |||
r-devel-linux-x86_64-fedora-gcc | 1.0.3 | 43.04 | NOTE | |||
r-devel-windows-x86_64 | 1.0.3 | 5.00 | 46.00 | 51.00 | OK | |
r-patched-linux-x86_64 | 1.0.3 | 4.35 | 29.88 | 34.23 | OK | |
r-release-linux-x86_64 | 1.0.3 | 3.76 | 29.52 | 33.28 | OK | |
r-release-macos-arm64 | 1.0.3 | 18.00 | OK | |||
r-release-windows-x86_64 | 1.0.3 | 5.00 | 47.00 | 52.00 | OK | |
r-oldrel-macos-arm64 | 1.0.3 | 20.00 | OK | |||
r-oldrel-macos-x86_64 | 1.0.3 | 25.00 | OK | |||
r-oldrel-windows-x86_64 | 1.0.3 | 6.00 | 50.00 | 56.00 | OK |
Version: 1.0.3
Check: data for non-ASCII characters
Result: NOTE
Note: found 43825 marked UTF-8 strings
Flavors: r-devel-linux-x86_64-fedora-clang, r-devel-linux-x86_64-fedora-gcc