Last updated on 2025-06-23 05:49:38 CEST.
Flavor | Version | Tinstall | Tcheck | Ttotal | Status | Flags |
---|---|---|---|---|---|---|
r-devel-linux-x86_64-debian-clang | 2.4 | 5.46 | 52.45 | 57.91 | NOTE | |
r-devel-linux-x86_64-debian-gcc | 2.4 | 3.61 | 37.80 | 41.41 | NOTE | |
r-devel-linux-x86_64-fedora-clang | 2.4 | 89.14 | OK | |||
r-devel-linux-x86_64-fedora-gcc | 2.4 | 99.23 | OK | |||
r-devel-windows-x86_64 | 2.4 | 6.00 | 65.00 | 71.00 | OK | |
r-patched-linux-x86_64 | 2.4 | 5.34 | 48.67 | 54.01 | OK | |
r-release-linux-x86_64 | 2.4 | 5.25 | 49.27 | 54.52 | OK | |
r-release-macos-arm64 | 2.4 | 54.00 | OK | |||
r-release-macos-x86_64 | 2.4 | 92.00 | OK | |||
r-release-windows-x86_64 | 2.4 | 7.00 | 66.00 | 73.00 | OK | |
r-oldrel-macos-arm64 | 2.4 | 33.00 | OK | |||
r-oldrel-macos-x86_64 | 2.4 | 66.00 | OK | |||
r-oldrel-windows-x86_64 | 2.4 | 8.00 | 81.00 | 89.00 | OK |
Version: 2.4
Check: CRAN incoming feasibility
Result: NOTE
Maintainer: ‘Joshua Millstein <joshua.millstein@usc.edu>’
Package CITATION file contains call(s) to old-style personList() or
as.personList(). Please use c() on person objects instead.
Package CITATION file contains call(s) to old-style citEntry(). Please
use bibentry() instead.
Flavors: r-devel-linux-x86_64-debian-clang, r-devel-linux-x86_64-debian-gcc