Last updated on 2025-07-04 05:49:22 CEST.
Flavor | Version | Tinstall | Tcheck | Ttotal | Status | Flags |
---|---|---|---|---|---|---|
r-devel-linux-x86_64-debian-clang | 8.4.1.0 | 76.82 | 379.64 | 456.46 | OK | |
r-devel-linux-x86_64-debian-gcc | 8.4.1.0 | 44.21 | 231.50 | 275.71 | OK | |
r-devel-linux-x86_64-fedora-clang | 8.4.1.0 | 714.05 | OK | |||
r-devel-linux-x86_64-fedora-gcc | 8.4.1.0 | 698.13 | OK | |||
r-devel-windows-x86_64 | 8.4.1.0 | 72.00 | 395.00 | 467.00 | OK | |
r-patched-linux-x86_64 | 8.4.1.0 | 76.47 | 346.63 | 423.10 | OK | |
r-release-linux-x86_64 | 8.4.1.0 | 64.95 | 351.40 | 416.35 | OK | |
r-release-macos-arm64 | 8.4.1.0 | 195.00 | OK | |||
r-release-macos-x86_64 | 8.4.1.0 | 306.00 | OK | |||
r-release-windows-x86_64 | 8.4.1.0 | 72.00 | 392.00 | 464.00 | OK | |
r-oldrel-macos-arm64 | 8.4.1.0 | 163.00 | NOTE | |||
r-oldrel-macos-x86_64 | 8.4.1.0 | 307.00 | NOTE | |||
r-oldrel-windows-x86_64 | 8.4.1.0 | 100.00 | 520.00 | 620.00 | NOTE |
Version: 8.4.1.0
Check: installed package size
Result: NOTE
installed size is 6.2Mb
sub-directories of 1Mb or more:
R 3.1Mb
help 2.0Mb
Flavors: r-oldrel-macos-arm64, r-oldrel-macos-x86_64, r-oldrel-windows-x86_64