Last updated on 2024-05-02 04:00:16 CEST.
Flavor | Version | Tinstall | Tcheck | Ttotal | Status | Flags |
---|---|---|---|---|---|---|
r-devel-linux-x86_64-debian-clang | 0.0.1 | 33.84 | 27.75 | 61.59 | NOTE | |
r-devel-linux-x86_64-debian-gcc | 0.0.1 | 27.44 | 21.19 | 48.63 | NOTE | |
r-devel-linux-x86_64-fedora-clang | 0.0.1 | 88.88 | NOTE | |||
r-devel-linux-x86_64-fedora-gcc | 0.0.1 | 84.13 | NOTE | |||
r-devel-windows-x86_64 | 0.0.1 | 26.00 | 64.00 | 90.00 | NOTE | |
r-patched-linux-x86_64 | 0.0.1 | 33.20 | 26.20 | 59.40 | NOTE | |
r-release-linux-x86_64 | 0.0.1 | 30.38 | 26.78 | 57.16 | NOTE | |
r-release-macos-arm64 | 0.0.1 | 23.00 | NOTE | |||
r-release-windows-x86_64 | 0.0.1 | 27.00 | 65.00 | 92.00 | NOTE | |
r-oldrel-macos-arm64 | 0.0.1 | 25.00 | NOTE | |||
r-oldrel-macos-x86_64 | 0.0.1 | 38.00 | NOTE | |||
r-oldrel-windows-x86_64 | 0.0.1 | 24.00 | 64.00 | 88.00 | NOTE |
Version: 0.0.1
Check: LazyData
Result: NOTE
'LazyData' is specified without a 'data' directory
Flavors: r-devel-linux-x86_64-debian-clang, r-devel-linux-x86_64-debian-gcc, r-devel-linux-x86_64-fedora-clang, r-devel-linux-x86_64-fedora-gcc, r-devel-windows-x86_64, r-patched-linux-x86_64, r-release-linux-x86_64, r-release-macos-arm64, r-release-windows-x86_64, r-oldrel-macos-arm64, r-oldrel-macos-x86_64, r-oldrel-windows-x86_64
Version: 0.0.1
Check: C++ specification
Result: NOTE
Specified C++11: please drop specification unless essential
Flavors: r-devel-windows-x86_64, r-release-windows-x86_64, r-oldrel-windows-x86_64