CRAN Package Check Results for Package evtclass

Last updated on 2025-07-04 05:49:21 CEST.

Flavor Version Tinstall Tcheck Ttotal Status Flags
r-devel-linux-x86_64-debian-clang 1.0 2.11 24.41 26.52 NOTE
r-devel-linux-x86_64-debian-gcc 1.0 1.41 19.69 21.10 NOTE
r-devel-linux-x86_64-fedora-clang 1.0 41.39 OK
r-devel-linux-x86_64-fedora-gcc 1.0 39.82 OK
r-devel-windows-x86_64 1.0 4.00 51.00 55.00 OK
r-patched-linux-x86_64 1.0 2.13 22.36 24.49 OK
r-release-linux-x86_64 1.0 1.81 22.44 24.25 OK
r-release-macos-arm64 1.0 20.00 OK
r-release-macos-x86_64 1.0 41.00 OK
r-release-windows-x86_64 1.0 4.00 51.00 55.00 OK
r-oldrel-macos-arm64 1.0 18.00 OK
r-oldrel-macos-x86_64 1.0 25.00 OK
r-oldrel-windows-x86_64 1.0 4.00 54.00 58.00 OK

Check Details

Version: 1.0
Check: CRAN incoming feasibility
Result: NOTE Maintainer: ‘Edoardo Vignotto <edoardo.vignotto@unige.ch>’ The Description field contains Vignotto, E., & Engelke, S. (2018) <arXiv:1808.09902>. Please refer to arXiv e-prints via their arXiv DOI <doi:10.48550/arXiv.YYMM.NNNNN>. Flavors: r-devel-linux-x86_64-debian-clang, r-devel-linux-x86_64-debian-gcc