CRAN Package Check Results for Package evident

Last updated on 2025-07-04 05:49:21 CEST.

Flavor Version Tinstall Tcheck Ttotal Status Flags
r-devel-linux-x86_64-debian-clang 1.0.4 1.29 20.34 21.63 NOTE
r-devel-linux-x86_64-debian-gcc 1.0.4 1.21 15.00 16.21 NOTE
r-devel-linux-x86_64-fedora-clang 1.0.4 32.90 OK
r-devel-linux-x86_64-fedora-gcc 1.0.4 31.73 OK
r-devel-windows-x86_64 1.0.4 2.00 42.00 44.00 OK
r-patched-linux-x86_64 1.0.4 1.73 18.61 20.34 OK
r-release-linux-x86_64 1.0.4 1.45 17.91 19.36 OK
r-release-macos-arm64 1.0.4 17.00 OK
r-release-macos-x86_64 1.0.4 24.00 OK
r-release-windows-x86_64 1.0.4 3.00 43.00 46.00 OK
r-oldrel-macos-arm64 1.0.4 15.00 OK
r-oldrel-macos-x86_64 1.0.4 31.00 OK
r-oldrel-windows-x86_64 1.0.4 3.00 55.00 58.00 OK

Check Details

Version: 1.0.4
Check: CRAN incoming feasibility
Result: NOTE Maintainer: ‘Paul R. Rosenbaum <rosenbaum@wharton.upenn.edu>’ No Authors@R field in DESCRIPTION. Please add one, modifying Authors@R: person(given = c("Paul", "R."), family = "Rosenbaum", role = c("aut", "cre"), email = "rosenbaum@wharton.upenn.edu") as necessary. Flavors: r-devel-linux-x86_64-debian-clang, r-devel-linux-x86_64-debian-gcc