Last updated on 2025-01-18 03:51:17 CET.
Flavor | Version | Tinstall | Tcheck | Ttotal | Status | Flags |
---|---|---|---|---|---|---|
r-devel-linux-x86_64-debian-clang | 0.2.6 | 11.06 | 94.75 | 105.81 | OK | |
r-devel-linux-x86_64-debian-gcc | 0.2.6 | 7.98 | 66.93 | 74.91 | OK | |
r-devel-linux-x86_64-fedora-clang | 0.2.6 | 173.28 | NOTE | |||
r-devel-linux-x86_64-fedora-gcc | 0.2.6 | 178.37 | NOTE | |||
r-devel-windows-x86_64 | 0.2.6 | 13.00 | 109.00 | 122.00 | OK | |
r-patched-linux-x86_64 | 0.2.6 | 11.09 | 88.59 | 99.68 | OK | |
r-release-linux-x86_64 | 0.2.6 | 10.92 | 89.14 | 100.06 | OK | |
r-release-macos-arm64 | 0.2.6 | 46.00 | OK | |||
r-release-macos-x86_64 | 0.2.6 | 81.00 | OK | |||
r-release-windows-x86_64 | 0.2.6 | 14.00 | 112.00 | 126.00 | OK | |
r-oldrel-macos-arm64 | 0.2.6 | 56.00 | OK | |||
r-oldrel-macos-x86_64 | 0.2.6 | 88.00 | OK | |||
r-oldrel-windows-x86_64 | 0.2.6 | 15.00 | 127.00 | 142.00 | OK |
Version: 0.2.6
Check: dependencies in R code
Result: NOTE
Namespace in Imports field not imported from: ‘EnvStats’
All declared Imports should be used.
Flavors: r-devel-linux-x86_64-fedora-clang, r-devel-linux-x86_64-fedora-gcc