Last updated on 2025-07-04 05:49:21 CEST.
Flavor | Version | Tinstall | Tcheck | Ttotal | Status | Flags |
---|---|---|---|---|---|---|
r-devel-linux-x86_64-debian-clang | 0.2.6 | 10.86 | 97.91 | 108.77 | NOTE | |
r-devel-linux-x86_64-debian-gcc | 0.2.6 | 7.95 | 67.53 | 75.48 | NOTE | |
r-devel-linux-x86_64-fedora-clang | 0.2.6 | 162.96 | NOTE | |||
r-devel-linux-x86_64-fedora-gcc | 0.2.6 | 171.51 | NOTE | |||
r-devel-windows-x86_64 | 0.2.6 | 13.00 | 109.00 | 122.00 | OK | |
r-patched-linux-x86_64 | 0.2.6 | 12.10 | 92.42 | 104.52 | OK | |
r-release-linux-x86_64 | 0.2.6 | 11.00 | 91.25 | 102.25 | OK | |
r-release-macos-arm64 | 0.2.6 | 59.00 | OK | |||
r-release-macos-x86_64 | 0.2.6 | 103.00 | OK | |||
r-release-windows-x86_64 | 0.2.6 | 12.00 | 107.00 | 119.00 | OK | |
r-oldrel-macos-arm64 | 0.2.6 | 46.00 | OK | |||
r-oldrel-macos-x86_64 | 0.2.6 | 81.00 | OK | |||
r-oldrel-windows-x86_64 | 0.2.6 | 18.00 | 138.00 | 156.00 | OK |
Version: 0.2.6
Check: CRAN incoming feasibility
Result: NOTE
Maintainer: ‘Brian Bader <bbader.stat@gmail.com>’
Package CITATION file contains call(s) to old-style personList() or
as.personList(). Please use c() on person objects instead.
Package CITATION file contains call(s) to old-style citEntry(). Please
use bibentry() instead.
Flavors: r-devel-linux-x86_64-debian-clang, r-devel-linux-x86_64-debian-gcc
Version: 0.2.6
Check: dependencies in R code
Result: NOTE
Namespace in Imports field not imported from: ‘EnvStats’
All declared Imports should be used.
Flavors: r-devel-linux-x86_64-fedora-clang, r-devel-linux-x86_64-fedora-gcc