CRAN Package Check Results for Package europeanaR

Last updated on 2025-07-03 04:50:55 CEST.

Flavor Version Tinstall Tcheck Ttotal Status Flags
r-devel-linux-x86_64-debian-clang 0.1.0 2.26 29.90 32.16 NOTE
r-devel-linux-x86_64-debian-gcc 0.1.0 1.78 24.00 25.78 NOTE
r-devel-linux-x86_64-fedora-clang 0.1.0 48.25 OK
r-devel-linux-x86_64-fedora-gcc 0.1.0 58.82 OK
r-devel-windows-x86_64 0.1.0 4.00 48.00 52.00 NOTE
r-patched-linux-x86_64 0.1.0 2.43 27.01 29.44 NOTE
r-release-linux-x86_64 0.1.0 2.06 26.61 28.67 NOTE
r-release-macos-arm64 0.1.0 35.00 OK
r-release-macos-x86_64 0.1.0 51.00 OK
r-release-windows-x86_64 0.1.0 4.00 48.00 52.00 NOTE
r-oldrel-macos-arm64 0.1.0 23.00 OK
r-oldrel-macos-x86_64 0.1.0 36.00 OK
r-oldrel-windows-x86_64 0.1.0 5.00 59.00 64.00 OK

Check Details

Version: 0.1.0
Check: Rd cross-references
Result: NOTE Found the following Rd file(s) with Rd \link{} targets missing package anchors: set_key.Rd: setkey Please provide package anchors for all Rd \link{} targets not in the package itself and the base packages. Flavors: r-devel-linux-x86_64-debian-clang, r-devel-linux-x86_64-debian-gcc, r-devel-windows-x86_64, r-patched-linux-x86_64, r-release-linux-x86_64, r-release-windows-x86_64