CRAN Package Check Results for Package etl

Last updated on 2025-02-20 04:51:12 CET.

Flavor Version Tinstall Tcheck Ttotal Status Flags
r-devel-linux-x86_64-debian-clang 0.4.1 4.47 68.07 72.54 NOTE
r-devel-linux-x86_64-debian-gcc 0.4.1 2.94 51.14 54.08 NOTE
r-devel-linux-x86_64-fedora-clang 0.4.1 113.74 OK
r-devel-linux-x86_64-fedora-gcc 0.4.1 137.60 OK
r-devel-macos-arm64 0.4.1 54.00 OK
r-devel-macos-x86_64 0.4.1 95.00 OK
r-devel-windows-x86_64 0.4.1 6.00 103.00 109.00 NOTE
r-patched-linux-x86_64 0.4.1 10.55 61.70 72.25 OK
r-release-linux-x86_64 0.4.1 4.52 62.07 66.59 OK
r-release-macos-arm64 0.4.1 50.00 OK
r-release-macos-x86_64 0.4.1 85.00 OK
r-release-windows-x86_64 0.4.1 7.00 103.00 110.00 OK
r-oldrel-macos-arm64 0.4.1 54.00 OK
r-oldrel-macos-x86_64 0.4.1 94.00 OK
r-oldrel-windows-x86_64 0.4.1 8.00 114.00 122.00 OK

Check Details

Version: 0.4.1
Check: Rd cross-references
Result: NOTE Found the following Rd file(s) with Rd \link{} targets missing package anchors: dbWipe.Rd: DBIConnection-class Please provide package anchors for all Rd \link{} targets not in the package itself and the base packages. Flavors: r-devel-linux-x86_64-debian-clang, r-devel-linux-x86_64-debian-gcc, r-devel-windows-x86_64