Last updated on 2025-07-04 05:49:21 CEST.
Flavor | Version | Tinstall | Tcheck | Ttotal | Status | Flags |
---|---|---|---|---|---|---|
r-devel-linux-x86_64-debian-clang | 0.3-1 | 85.10 | 179.24 | 264.34 | NOTE | |
r-devel-linux-x86_64-debian-gcc | 0.3-1 | 59.14 | 119.80 | 178.94 | NOTE | |
r-devel-linux-x86_64-fedora-clang | 0.3-1 | 433.74 | OK | |||
r-devel-linux-x86_64-fedora-gcc | 0.3-1 | 423.81 | OK | |||
r-devel-windows-x86_64 | 0.3-1 | 89.00 | 193.00 | 282.00 | NOTE | |
r-patched-linux-x86_64 | 0.3-1 | 88.07 | 166.31 | 254.38 | NOTE | |
r-release-linux-x86_64 | 0.3-1 | 84.25 | 165.90 | 250.15 | NOTE | |
r-release-macos-arm64 | 0.3-1 | 156.00 | OK | |||
r-release-macos-x86_64 | 0.3-1 | 218.00 | OK | |||
r-release-windows-x86_64 | 0.3-1 | 89.00 | 194.00 | 283.00 | NOTE | |
r-oldrel-macos-arm64 | 0.3-1 | 121.00 | NOTE | |||
r-oldrel-macos-x86_64 | 0.3-1 | 194.00 | NOTE | |||
r-oldrel-windows-x86_64 | 0.3-1 | 110.00 | 257.00 | 367.00 | OK |
Version: 0.3-1
Check: Rd cross-references
Result: NOTE
Found the following Rd file(s) with Rd \link{} targets missing package
anchors:
nvertex.Rd: network
Please provide package anchors for all Rd \link{} targets not in the
package itself and the base packages.
Flavors: r-devel-linux-x86_64-debian-clang, r-devel-linux-x86_64-debian-gcc, r-devel-windows-x86_64, r-patched-linux-x86_64, r-release-linux-x86_64, r-release-windows-x86_64
Version: 0.3-1
Check: installed package size
Result: NOTE
installed size is 5.6Mb
sub-directories of 1Mb or more:
libs 4.2Mb
Flavors: r-oldrel-macos-arm64, r-oldrel-macos-x86_64