CRAN Package Check Results for Package ergm.rank

Last updated on 2025-07-04 05:49:21 CEST.

Flavor Version Tinstall Tcheck Ttotal Status Flags
r-devel-linux-x86_64-debian-clang 4.1.1 7.38 320.64 328.02 NOTE
r-devel-linux-x86_64-debian-gcc 4.1.1 5.95 354.41 360.36 NOTE
r-devel-linux-x86_64-fedora-clang 4.1.1 537.58 OK
r-devel-linux-x86_64-fedora-gcc 4.1.1 472.71 OK
r-devel-windows-x86_64 4.1.1 12.00 269.00 281.00 NOTE
r-patched-linux-x86_64 4.1.1 9.39 299.62 309.01 NOTE
r-release-linux-x86_64 4.1.1 7.02 295.47 302.49 NOTE
r-release-macos-arm64 4.1.1 262.00 OK
r-release-macos-x86_64 4.1.1 331.00 OK
r-release-windows-x86_64 4.1.1 12.00 497.00 509.00 NOTE
r-oldrel-macos-arm64 4.1.1 212.00 OK
r-oldrel-macos-x86_64 4.1.1 408.00 OK
r-oldrel-windows-x86_64 4.1.1 16.00 328.00 344.00 OK

Check Details

Version: 4.1.1
Check: Rd cross-references
Result: NOTE Found the following Rd file(s) with Rd \link{} targets missing package anchors: AlterSwap-ergmProposal-7e827ae4.Rd: ergmProposal CompleteOrder-ergmReference-f40141c3.Rd: ergmReference ergm.rank-package.Rd: ergm-package, ergm rankdeference-ergmTerm-73181c43.Rd: ergmTerm rankedgecov-ergmTerm-5905bc22.Rd: ergmTerm rankinconsistency-ergmTerm-b232ab56.Rd: network, ergmTerm ranknodeicov-ergmTerm-856bed59.Rd: ergmTerm ranknonconformity-ergmTerm-a4593778.Rd: ergmTerm Please provide package anchors for all Rd \link{} targets not in the package itself and the base packages. Flavors: r-devel-linux-x86_64-debian-clang, r-devel-linux-x86_64-debian-gcc, r-devel-windows-x86_64, r-patched-linux-x86_64, r-release-linux-x86_64, r-release-windows-x86_64