CRAN Package Check Results for Package entrymodels

Last updated on 2025-07-26 05:48:35 CEST.

Flavor Version Tinstall Tcheck Ttotal Status Flags
r-devel-linux-x86_64-debian-clang 0.2.1 4.06 40.26 44.32 OK
r-devel-linux-x86_64-debian-gcc 0.2.1 2.85 28.81 31.66 OK
r-devel-linux-x86_64-fedora-clang 0.2.1 66.80 OK
r-devel-linux-x86_64-fedora-gcc 0.2.1 63.84 OK
r-devel-windows-x86_64 0.2.1 6.00 60.00 66.00 OK
r-patched-linux-x86_64 0.2.1 4.39 35.67 40.06 OK
r-release-linux-x86_64 0.2.1 4.11 35.80 39.91 OK
r-release-macos-arm64 0.2.1 24.00 OK
r-release-macos-x86_64 0.2.1 40.00 OK
r-release-windows-x86_64 0.2.1 7.00 54.00 61.00 OK
r-oldrel-macos-arm64 0.2.1 24.00 NOTE
r-oldrel-macos-x86_64 0.2.1 33.00 NOTE
r-oldrel-windows-x86_64 0.2.1 9.00 63.00 72.00 NOTE

Check Details

Version: 0.2.1
Check: LazyData
Result: NOTE 'LazyData' is specified without a 'data' directory Flavors: r-oldrel-macos-arm64, r-oldrel-macos-x86_64, r-oldrel-windows-x86_64