CRAN Package Check Results for Package elfDistr

Last updated on 2025-07-21 05:50:58 CEST.

Flavor Version Tinstall Tcheck Ttotal Status Flags
r-devel-linux-x86_64-debian-clang 1.0.0 11.72 24.54 36.26 NOTE
r-devel-linux-x86_64-debian-gcc 1.0.0 8.94 19.92 28.86 NOTE
r-devel-linux-x86_64-fedora-clang 1.0.0 61.79 NOTE
r-devel-linux-x86_64-fedora-gcc 1.0.0 57.68 NOTE
r-devel-windows-x86_64 1.0.0 15.00 59.00 74.00 NOTE
r-patched-linux-x86_64 1.0.0 12.17 23.14 35.31 NOTE
r-release-linux-x86_64 1.0.0 11.59 23.19 34.78 NOTE
r-release-macos-arm64 1.0.0 25.00 NOTE
r-release-macos-x86_64 1.0.0 58.00 NOTE
r-release-windows-x86_64 1.0.0 16.00 60.00 76.00 NOTE
r-oldrel-macos-arm64 1.0.0 26.00 NOTE
r-oldrel-macos-x86_64 1.0.0 36.00 NOTE
r-oldrel-windows-x86_64 1.0.0 14.00 72.00 86.00 NOTE

Check Details

Version: 1.0.0
Check: C++ specification
Result: NOTE Specified C++11: please drop specification unless essential Flavors: r-devel-linux-x86_64-debian-clang, r-devel-linux-x86_64-debian-gcc, r-devel-linux-x86_64-fedora-clang, r-devel-linux-x86_64-fedora-gcc, r-devel-windows-x86_64, r-patched-linux-x86_64, r-release-linux-x86_64, r-release-macos-arm64, r-release-macos-x86_64, r-release-windows-x86_64, r-oldrel-macos-arm64, r-oldrel-macos-x86_64, r-oldrel-windows-x86_64

Version: 1.0.0
Check: LazyData
Result: NOTE 'LazyData' is specified without a 'data' directory Flavors: r-oldrel-macos-arm64, r-oldrel-macos-x86_64, r-oldrel-windows-x86_64