Last updated on 2024-05-02 04:00:15 CEST.
Flavor | Version | Tinstall | Tcheck | Ttotal | Status | Flags |
---|---|---|---|---|---|---|
r-devel-linux-x86_64-debian-clang | 1.0.3 | 10.92 | 211.18 | 222.10 | OK | |
r-devel-linux-x86_64-debian-gcc | 1.0.3 | 7.61 | 155.06 | 162.67 | OK | |
r-devel-linux-x86_64-fedora-clang | 1.0.3 | 276.98 | NOTE | |||
r-devel-linux-x86_64-fedora-gcc | 1.0.3 | 288.52 | NOTE | |||
r-devel-windows-x86_64 | 1.0.3 | 13.00 | 312.00 | 325.00 | OK | |
r-patched-linux-x86_64 | 1.0.3 | 11.15 | 203.28 | 214.43 | OK | |
r-release-linux-x86_64 | 1.0.3 | 9.00 | 209.25 | 218.25 | OK | |
r-release-macos-arm64 | 1.0.3 | 87.00 | OK | |||
r-release-windows-x86_64 | 1.0.3 | 13.00 | 310.00 | 323.00 | OK | |
r-oldrel-macos-arm64 | 1.0.3 | 98.00 | OK | |||
r-oldrel-macos-x86_64 | 1.0.3 | 308.00 | OK | |||
r-oldrel-windows-x86_64 | 1.0.3 | 16.00 | 299.00 | 315.00 | OK |
Version: 1.0.3
Check: dependencies in R code
Result: NOTE
Namespace in Imports field not imported from: ‘snow’
All declared Imports should be used.
Flavors: r-devel-linux-x86_64-fedora-clang, r-devel-linux-x86_64-fedora-gcc