Last updated on 2024-05-02 04:00:15 CEST.
Flavor | Version | Tinstall | Tcheck | Ttotal | Status | Flags |
---|---|---|---|---|---|---|
r-devel-linux-x86_64-debian-clang | 1.1.0 | 10.86 | 102.81 | 113.67 | OK | |
r-devel-linux-x86_64-debian-gcc | 1.1.0 | 8.17 | 73.31 | 81.48 | OK | |
r-devel-linux-x86_64-fedora-clang | 1.1.0 | 139.58 | NOTE | |||
r-devel-linux-x86_64-fedora-gcc | 1.1.0 | 134.42 | OK | |||
r-devel-windows-x86_64 | 1.1.0 | 11.00 | 103.00 | 114.00 | OK | |
r-patched-linux-x86_64 | 1.1.0 | 12.35 | 96.26 | 108.61 | OK | |
r-release-linux-x86_64 | 1.1.0 | 12.07 | 93.10 | 105.17 | OK | |
r-release-macos-arm64 | 1.1.0 | 48.00 | OK | |||
r-release-windows-x86_64 | 1.1.0 | 12.00 | 104.00 | 116.00 | OK | |
r-oldrel-macos-arm64 | 1.1.0 | 39.00 | OK | |||
r-oldrel-macos-x86_64 | 1.1.0 | 78.00 | OK | |||
r-oldrel-windows-x86_64 | 1.1.0 | 15.00 | 121.00 | 136.00 | OK |
Version: 1.1.0
Check: Rd cross-references
Result: NOTE
Undeclared packages ‘tidyr’, ‘scales’ in Rd xrefs
Flavor: r-devel-linux-x86_64-fedora-clang