CRAN Package Check Results for Package edgebundleR

Last updated on 2025-07-04 05:49:21 CEST.

Flavor Version Tinstall Tcheck Ttotal Status Flags
r-devel-linux-x86_64-debian-clang 0.1.4 3.63 34.29 37.92 OK
r-devel-linux-x86_64-debian-gcc 0.1.4 2.90 26.59 29.49 OK
r-devel-linux-x86_64-fedora-clang 0.1.4 56.60 OK
r-devel-linux-x86_64-fedora-gcc 0.1.4 53.25 OK
r-devel-windows-x86_64 0.1.4 6.00 51.00 57.00 OK
r-patched-linux-x86_64 0.1.4 3.45 30.77 34.22 OK
r-release-linux-x86_64 0.1.4 2.91 30.71 33.62 OK
r-release-macos-arm64 0.1.4 27.00 OK
r-release-macos-x86_64 0.1.4 38.00 OK
r-release-windows-x86_64 0.1.4 6.00 49.00 55.00 OK
r-oldrel-macos-arm64 0.1.4 20.00 NOTE
r-oldrel-macos-x86_64 0.1.4 29.00 NOTE
r-oldrel-windows-x86_64 0.1.4 6.00 61.00 67.00 NOTE

Check Details

Version: 0.1.4
Check: LazyData
Result: NOTE 'LazyData' is specified without a 'data' directory Flavors: r-oldrel-macos-arm64, r-oldrel-macos-x86_64, r-oldrel-windows-x86_64