CRAN Package Check Results for Package dynprog

Last updated on 2025-02-20 04:51:11 CET.

Flavor Version Tinstall Tcheck Ttotal Status Flags
r-devel-linux-x86_64-debian-clang 0.1.1 1.69 30.76 32.45 OK
r-devel-linux-x86_64-debian-gcc 0.1.1 1.43 22.54 23.97 OK
r-devel-linux-x86_64-fedora-clang 0.1.1 51.60 OK
r-devel-linux-x86_64-fedora-gcc 0.1.1 48.28 OK
r-devel-macos-arm64 0.1.1 18.00 OK
r-devel-macos-x86_64 0.1.1 31.00 OK
r-devel-windows-x86_64 0.1.1 4.00 56.00 60.00 OK
r-patched-linux-x86_64 0.1.1 1.73 28.29 30.02 NOTE
r-release-linux-x86_64 0.1.1 1.44 27.92 29.36 NOTE
r-release-macos-arm64 0.1.1 18.00 NOTE
r-release-macos-x86_64 0.1.1 27.00 NOTE
r-release-windows-x86_64 0.1.1 3.00 52.00 55.00 WARN
r-oldrel-macos-arm64 0.1.1 20.00 NOTE
r-oldrel-macos-x86_64 0.1.1 27.00 NOTE
r-oldrel-windows-x86_64 0.1.1 2.00 56.00 58.00 NOTE

Check Details

Version: 0.1.1
Check: LazyData
Result: NOTE 'LazyData' is specified without a 'data' directory Flavors: r-patched-linux-x86_64, r-release-linux-x86_64, r-release-macos-arm64, r-release-macos-x86_64, r-release-windows-x86_64, r-oldrel-macos-arm64, r-oldrel-macos-x86_64, r-oldrel-windows-x86_64

Version: 0.1.1
Check: package subdirectories
Result: WARN Invalid citation information in 'inst/CITATION': During startup - Warning message: In read.table(file = file, header = header, sep = sep, quote = quote, : cols = 6 != length(data) = 7 Flavor: r-release-windows-x86_64

Version: 0.1.1
Check: S3 generic/method consistency
Result: WARN During startup - Warning message: In read.table(file = file, header = header, sep = sep, quote = quote, : cols = 6 != length(data) = 7 See section 'Generic functions and methods' in the 'Writing R Extensions' manual. Flavor: r-release-windows-x86_64

Version: 0.1.1
Check: replacement functions
Result: WARN During startup - Warning message: In read.table(file = file, header = header, sep = sep, quote = quote, : cols = 6 != length(data) = 7 The argument of a replacement function which corresponds to the right hand side must be named 'value'. Flavor: r-release-windows-x86_64

Version: 0.1.1
Check: foreign function calls
Result: NOTE During startup - Warning message: In read.table(file = file, header = header, sep = sep, quote = quote, : cols = 6 != length(data) = 7 See chapter 'System and foreign language interfaces' in the 'Writing R Extensions' manual. Flavor: r-release-windows-x86_64

Version: 0.1.1
Check: R code for possible problems
Result: NOTE During startup - Warning message: In read.table(file = file, header = header, sep = sep, quote = quote, : cols = 6 != length(data) = 7 During startup - Warning message: In read.table(file = file, header = header, sep = sep, quote = quote, : cols = 6 != length(data) = 7 Warning in read.table(file = file, header = header, sep = sep, quote = quote, : cols = 6 != length(data) = 7 Flavor: r-release-windows-x86_64

Version: 0.1.1
Check: Rd files
Result: WARN During startup - Warning message: In read.table(file = file, header = header, sep = sep, quote = quote, : cols = 6 != length(data) = 7 Flavor: r-release-windows-x86_64

Version: 0.1.1
Check: Rd cross-references
Result: WARN Warning in read.table(file = file, header = header, sep = sep, quote = quote, : cols = 6 != length(data) = 7 Flavor: r-release-windows-x86_64

Version: 0.1.1
Check: for missing documentation entries
Result: WARN During startup - Warning message: In read.table(file = file, header = header, sep = sep, quote = quote, : cols = 6 != length(data) = 7 All user-level objects in a package should have documentation entries. See chapter 'Writing R documentation files' in the 'Writing R Extensions' manual. Flavor: r-release-windows-x86_64

Version: 0.1.1
Check: for code/documentation mismatches
Result: WARN During startup - Warning message: In read.table(file = file, header = header, sep = sep, quote = quote, : cols = 6 != length(data) = 7 During startup - Warning message: In read.table(file = file, header = header, sep = sep, quote = quote, : cols = 6 != length(data) = 7 During startup - Warning message: In read.table(file = file, header = header, sep = sep, quote = quote, : cols = 6 != length(data) = 7 Flavor: r-release-windows-x86_64

Version: 0.1.1
Check: Rd \usage sections
Result: WARN During startup - Warning message: In read.table(file = file, header = header, sep = sep, quote = quote, : cols = 6 != length(data) = 7 Functions with \usage entries need to have the appropriate \alias entries, and all their arguments documented. The \usage entries must correspond to syntactically valid R code. See chapter 'Writing R documentation files' in the 'Writing R Extensions' manual. During startup - Warning message: In read.table(file = file, header = header, sep = sep, quote = quote, : cols = 6 != length(data) = 7 The \usage entries for S3 methods should use the \method markup and not their full name. See chapter 'Writing R documentation files' in the 'Writing R Extensions' manual. Flavor: r-release-windows-x86_64

Version: 0.1.1
Check: Rd contents
Result: NOTE Warning in read.table(file = file, header = header, sep = sep, quote = quote, : cols = 6 != length(data) = 7 Flavor: r-release-windows-x86_64

Version: 0.1.1
Check: for unstated dependencies in examples
Result: WARN Warning in read.table(file = file, header = header, sep = sep, quote = quote, : cols = 6 != length(data) = 7 Flavor: r-release-windows-x86_64

Version: 0.1.1
Check: for unstated dependencies in ‘tests’
Result: WARN Warning in read.table(file = file, header = header, sep = sep, quote = quote, : cols = 6 != length(data) = 7 Flavor: r-release-windows-x86_64