Last updated on 2024-04-27 03:56:12 CEST.
Flavor | Version | Tinstall | Tcheck | Ttotal | Status | Flags |
---|---|---|---|---|---|---|
r-devel-linux-x86_64-debian-clang | 0.2.10 | 4.40 | 34.53 | 38.93 | OK | |
r-devel-linux-x86_64-debian-gcc | 0.2.10 | 3.21 | 25.62 | 28.83 | OK | |
r-devel-linux-x86_64-fedora-clang | 0.2.10 | 46.10 | NOTE | |||
r-devel-linux-x86_64-fedora-gcc | 0.2.10 | 43.84 | OK | |||
r-devel-windows-x86_64 | 0.2.10 | 5.00 | 55.00 | 60.00 | OK | |
r-patched-linux-x86_64 | 0.2.10 | 3.51 | 32.91 | 36.42 | OK | |
r-release-linux-x86_64 | 0.2.10 | 3.70 | 32.99 | 36.69 | OK | |
r-release-macos-arm64 | 0.2.10 | 19.00 | OK | |||
r-release-windows-x86_64 | 0.2.10 | 5.00 | 47.00 | 52.00 | OK | |
r-oldrel-macos-arm64 | 0.2.10 | 111.00 | OK | |||
r-oldrel-macos-x86_64 | 0.2.10 | 135.00 | OK | |||
r-oldrel-windows-x86_64 | 0.2.10 | 6.00 | 51.00 | 57.00 | OK |
Version: 0.2.10
Check: Rd cross-references
Result: NOTE
Undeclared package ‘rdwd’ in Rd xrefs
Flavor: r-devel-linux-x86_64-fedora-clang