Last updated on 2025-05-09 04:51:55 CEST.
Flavor | Version | Tinstall | Tcheck | Ttotal | Status | Flags |
---|---|---|---|---|---|---|
r-devel-linux-x86_64-debian-clang | 0.4.1 | 12.23 | 161.03 | 173.26 | OK | |
r-devel-linux-x86_64-debian-gcc | 0.4.1 | 10.07 | 120.08 | 130.15 | OK | |
r-devel-linux-x86_64-fedora-clang | 0.4.1 | 291.04 | OK | |||
r-devel-linux-x86_64-fedora-gcc | 0.4.1 | 273.92 | OK | |||
r-devel-windows-x86_64 | 0.4.1 | 15.00 | 154.00 | 169.00 | OK | |
r-patched-linux-x86_64 | 0.4.1 | 11.15 | 151.68 | 162.83 | OK | |
r-release-linux-x86_64 | 0.4.1 | 12.12 | 152.63 | 164.75 | OK | |
r-release-macos-arm64 | 0.4.1 | 5.00 | ERROR | |||
r-release-macos-x86_64 | 0.4.1 | 6.00 | ERROR | |||
r-release-windows-x86_64 | 0.4.1 | 15.00 | 154.00 | 169.00 | OK | |
r-oldrel-macos-arm64 | 0.4.1 | 10.00 | ERROR | |||
r-oldrel-macos-x86_64 | 0.4.1 | 11.00 | ERROR | |||
r-oldrel-windows-x86_64 | 0.4.1 | 19.00 | 191.00 | 210.00 | NOTE |
Version: 0.4.1
Check: package dependencies
Result: ERROR
Packages required but not available:
'TxDb.Hsapiens.UCSC.hg19.knownGene',
'TxDb.Hsapiens.UCSC.hg38.knownGene', 'org.Hs.eg.db'
See section ‘The DESCRIPTION file’ in the ‘Writing R Extensions’
manual.
Flavor: r-release-macos-arm64
Version: 0.4.1
Check: package dependencies
Result: ERROR
Packages required but not available:
'TxDb.Hsapiens.UCSC.hg19.knownGene',
'TxDb.Hsapiens.UCSC.hg38.knownGene'
See section ‘The DESCRIPTION file’ in the ‘Writing R Extensions’
manual.
Flavors: r-release-macos-x86_64, r-oldrel-macos-arm64, r-oldrel-macos-x86_64
Version: 0.4.1
Check: installed package size
Result: NOTE
installed size is 5.3Mb
sub-directories of 1Mb or more:
data 1.6Mb
extdata 3.2Mb
Flavor: r-oldrel-windows-x86_64