Last updated on 2025-02-20 04:51:10 CET.
Flavor | Version | Tinstall | Tcheck | Ttotal | Status | Flags |
---|---|---|---|---|---|---|
r-devel-linux-x86_64-debian-clang | 1.1.0 | 75.38 | 57.77 | 133.15 | NOTE | |
r-devel-linux-x86_64-debian-gcc | 1.1.0 | 56.48 | 46.32 | 102.80 | NOTE | |
r-devel-linux-x86_64-fedora-clang | 1.1.0 | 289.03 | NOTE | |||
r-devel-linux-x86_64-fedora-gcc | 1.1.0 | 236.50 | NOTE | |||
r-devel-macos-arm64 | 1.1.0 | 64.00 | NOTE | |||
r-devel-macos-x86_64 | 1.1.0 | 91.00 | NOTE | |||
r-devel-windows-x86_64 | 1.1.0 | 92.00 | 96.00 | 188.00 | NOTE | |
r-patched-linux-x86_64 | 1.1.0 | 77.08 | 54.28 | 131.36 | NOTE | |
r-release-linux-x86_64 | 1.1.0 | 78.33 | 54.76 | 133.09 | NOTE | |
r-release-macos-arm64 | 1.1.0 | 60.00 | NOTE | |||
r-release-macos-x86_64 | 1.1.0 | 70.00 | NOTE | |||
r-release-windows-x86_64 | 1.1.0 | 96.00 | 95.00 | 191.00 | WARN | |
r-oldrel-macos-arm64 | 1.1.0 | 78.00 | NOTE | |||
r-oldrel-macos-x86_64 | 1.1.0 | 125.00 | NOTE | |||
r-oldrel-windows-x86_64 | 1.1.0 | 111.00 | 112.00 | 223.00 | NOTE |
Version: 1.1.0
Check: C++ specification
Result: NOTE
Specified C++11: please drop specification unless essential
Flavors: r-devel-linux-x86_64-debian-clang, r-devel-linux-x86_64-debian-gcc, r-devel-linux-x86_64-fedora-clang, r-devel-linux-x86_64-fedora-gcc, r-devel-macos-arm64, r-devel-macos-x86_64, r-devel-windows-x86_64, r-patched-linux-x86_64, r-release-linux-x86_64, r-release-macos-arm64, r-release-macos-x86_64, r-release-windows-x86_64, r-oldrel-macos-arm64, r-oldrel-macos-x86_64, r-oldrel-windows-x86_64
Version: 1.1.0
Check: Rd files
Result: NOTE
checkRd: (-1) predict.drf.Rd:30-31: Lost braces in \itemize; meant \describe ?
checkRd: (-1) predict.drf.Rd:32-33: Lost braces in \itemize; meant \describe ?
checkRd: (-1) predict.drf.Rd:34-35: Lost braces in \itemize; meant \describe ?
checkRd: (-1) predict.drf.Rd:36-37: Lost braces in \itemize; meant \describe ?
checkRd: (-1) predict.drf.Rd:38-39: Lost braces in \itemize; meant \describe ?
checkRd: (-1) predict.drf.Rd:40-41: Lost braces in \itemize; meant \describe ?
checkRd: (-1) predict.drf.Rd:42-43: Lost braces in \itemize; meant \describe ?
checkRd: (-1) predict.drf.Rd:44: Lost braces in \itemize; meant \describe ?
Flavors: r-devel-linux-x86_64-debian-clang, r-devel-linux-x86_64-debian-gcc, r-devel-linux-x86_64-fedora-clang, r-devel-linux-x86_64-fedora-gcc, r-devel-macos-arm64, r-devel-macos-x86_64, r-devel-windows-x86_64, r-patched-linux-x86_64, r-release-linux-x86_64, r-release-macos-arm64, r-release-macos-x86_64
Version: 1.1.0
Check: for GNU extensions in Makefiles
Result: NOTE
GNU make is a SystemRequirements.
Flavors: r-patched-linux-x86_64, r-release-linux-x86_64, r-release-macos-arm64, r-release-macos-x86_64, r-release-windows-x86_64, r-oldrel-macos-arm64, r-oldrel-macos-x86_64, r-oldrel-windows-x86_64
Version: 1.1.0
Check: installed package size
Result: NOTE
installed size is 6.2Mb
sub-directories of 1Mb or more:
libs 6.0Mb
Flavors: r-release-macos-arm64, r-release-macos-x86_64, r-oldrel-macos-arm64, r-oldrel-macos-x86_64
Version: 1.1.0
Check: S3 generic/method consistency
Result: WARN
During startup - Warning message:
In read.table(file = file, header = header, sep = sep, quote = quote, :
cols = 6 != length(data) = 7
See section 'Generic functions and methods' in the 'Writing R
Extensions' manual.
Flavor: r-release-windows-x86_64
Version: 1.1.0
Check: replacement functions
Result: WARN
During startup - Warning message:
In read.table(file = file, header = header, sep = sep, quote = quote, :
cols = 6 != length(data) = 7
The argument of a replacement function which corresponds to the right
hand side must be named 'value'.
Flavor: r-release-windows-x86_64
Version: 1.1.0
Check: foreign function calls
Result: NOTE
During startup - Warning message:
In read.table(file = file, header = header, sep = sep, quote = quote, :
cols = 6 != length(data) = 7
See chapter 'System and foreign language interfaces' in the 'Writing R
Extensions' manual.
Flavor: r-release-windows-x86_64
Version: 1.1.0
Check: R code for possible problems
Result: NOTE
During startup - Warning message:
In read.table(file = file, header = header, sep = sep, quote = quote, :
cols = 6 != length(data) = 7
During startup - Warning message:
In read.table(file = file, header = header, sep = sep, quote = quote, :
cols = 6 != length(data) = 7
Warning in read.table(file = file, header = header, sep = sep, quote = quote, :
cols = 6 != length(data) = 7
Flavor: r-release-windows-x86_64
Version: 1.1.0
Check: Rd files
Result: WARN
During startup - Warning message:
In read.table(file = file, header = header, sep = sep, quote = quote, :
cols = 6 != length(data) = 7
checkRd: (-1) predict.drf.Rd:30-31: Lost braces in \itemize; meant \describe ?
checkRd: (-1) predict.drf.Rd:32-33: Lost braces in \itemize; meant \describe ?
checkRd: (-1) predict.drf.Rd:34-35: Lost braces in \itemize; meant \describe ?
checkRd: (-1) predict.drf.Rd:36-37: Lost braces in \itemize; meant \describe ?
checkRd: (-1) predict.drf.Rd:38-39: Lost braces in \itemize; meant \describe ?
checkRd: (-1) predict.drf.Rd:40-41: Lost braces in \itemize; meant \describe ?
checkRd: (-1) predict.drf.Rd:42-43: Lost braces in \itemize; meant \describe ?
checkRd: (-1) predict.drf.Rd:44: Lost braces in \itemize; meant \describe ?
Flavor: r-release-windows-x86_64
Version: 1.1.0
Check: for missing documentation entries
Result: WARN
During startup - Warning message:
In read.table(file = file, header = header, sep = sep, quote = quote, :
cols = 6 != length(data) = 7
All user-level objects in a package should have documentation entries.
See chapter 'Writing R documentation files' in the 'Writing R
Extensions' manual.
Flavor: r-release-windows-x86_64
Version: 1.1.0
Check: for code/documentation mismatches
Result: WARN
During startup - Warning message:
In read.table(file = file, header = header, sep = sep, quote = quote, :
cols = 6 != length(data) = 7
During startup - Warning message:
In read.table(file = file, header = header, sep = sep, quote = quote, :
cols = 6 != length(data) = 7
During startup - Warning message:
In read.table(file = file, header = header, sep = sep, quote = quote, :
cols = 6 != length(data) = 7
Flavor: r-release-windows-x86_64
Version: 1.1.0
Check: Rd \usage sections
Result: WARN
During startup - Warning message:
In read.table(file = file, header = header, sep = sep, quote = quote, :
cols = 6 != length(data) = 7
Functions with \usage entries need to have the appropriate \alias
entries, and all their arguments documented.
The \usage entries must correspond to syntactically valid R code.
See chapter 'Writing R documentation files' in the 'Writing R
Extensions' manual.
During startup - Warning message:
In read.table(file = file, header = header, sep = sep, quote = quote, :
cols = 6 != length(data) = 7
The \usage entries for S3 methods should use the \method markup and not
their full name.
See chapter 'Writing R documentation files' in the 'Writing R
Extensions' manual.
Flavor: r-release-windows-x86_64
Version: 1.1.0
Check: Rd contents
Result: NOTE
Warning in read.table(file = file, header = header, sep = sep, quote = quote, :
cols = 6 != length(data) = 7
Flavor: r-release-windows-x86_64
Version: 1.1.0
Check: for unstated dependencies in examples
Result: WARN
Warning in read.table(file = file, header = header, sep = sep, quote = quote, :
cols = 6 != length(data) = 7
Flavor: r-release-windows-x86_64
Version: 1.1.0
Check: compiled code
Result: NOTE
Warning in read.table(file = file, header = header, sep = sep, quote = quote, :
cols = 6 != length(data) = 7
See 'Writing portable packages' in the 'Writing R Extensions' manual.
Flavor: r-release-windows-x86_64