CRAN Package Check Results for Package dodgr

Last updated on 2025-06-23 05:49:37 CEST.

Flavor Version Tinstall Tcheck Ttotal Status Flags
r-devel-linux-x86_64-debian-clang 0.4.2 127.79 269.73 397.52 OK
r-devel-linux-x86_64-debian-gcc 0.4.2 98.14 187.58 285.72 OK
r-devel-linux-x86_64-fedora-clang 0.4.2 647.31 OK
r-devel-linux-x86_64-fedora-gcc 0.4.2 673.25 OK
r-devel-windows-x86_64 0.4.2 166.00 259.00 425.00 OK
r-patched-linux-x86_64 0.4.2 137.46 250.07 387.53 OK
r-release-linux-x86_64 0.4.2 141.39 254.43 395.82 OK
r-release-macos-arm64 0.4.2 232.00 OK
r-release-macos-x86_64 0.4.2 333.00 OK
r-release-windows-x86_64 0.4.2 167.00 259.00 426.00 OK
r-oldrel-macos-arm64 0.4.2 165.00 NOTE
r-oldrel-macos-x86_64 0.4.2 263.00 NOTE
r-oldrel-windows-x86_64 0.4.2 195.00 335.00 530.00 NOTE

Check Details

Version: 0.4.2
Check: installed package size
Result: NOTE installed size is 20.9Mb sub-directories of 1Mb or more: doc 6.7Mb libs 13.5Mb Flavors: r-oldrel-macos-arm64, r-oldrel-macos-x86_64, r-oldrel-windows-x86_64

Version: 0.4.2
Check: for GNU extensions in Makefiles
Result: NOTE GNU make is a SystemRequirements. Flavors: r-oldrel-macos-arm64, r-oldrel-macos-x86_64, r-oldrel-windows-x86_64