Last updated on 2025-07-16 06:51:37 CEST.
Flavor | Version | Tinstall | Tcheck | Ttotal | Status | Flags |
---|---|---|---|---|---|---|
r-devel-linux-x86_64-debian-clang | 0.1.3 | 2.49 | 70.68 | 73.17 | OK | |
r-devel-linux-x86_64-debian-gcc | 0.1.3 | 1.89 | 48.61 | 50.50 | OK | |
r-devel-linux-x86_64-fedora-clang | 0.1.3 | 111.93 | OK | |||
r-devel-linux-x86_64-fedora-gcc | 0.1.3 | 122.34 | OK | |||
r-devel-windows-x86_64 | 0.1.3 | 4.00 | 95.00 | 99.00 | OK | |
r-patched-linux-x86_64 | 0.1.3 | 1.96 | 65.05 | 67.01 | OK | |
r-release-linux-x86_64 | 0.1.3 | 2.42 | 65.70 | 68.12 | OK | |
r-release-macos-arm64 | 0.1.3 | 53.00 | OK | |||
r-release-macos-x86_64 | 0.1.3 | 86.00 | OK | |||
r-release-windows-x86_64 | 0.1.3 | 4.00 | 103.00 | 107.00 | OK | |
r-oldrel-macos-arm64 | 0.1.3 | 42.00 | NOTE | |||
r-oldrel-macos-x86_64 | 0.1.3 | 62.00 | NOTE | |||
r-oldrel-windows-x86_64 | 0.1.3 | 5.00 | 112.00 | 117.00 | NOTE |
Version: 0.1.3
Check: LazyData
Result: NOTE
'LazyData' is specified without a 'data' directory
Flavors: r-oldrel-macos-arm64, r-oldrel-macos-x86_64, r-oldrel-windows-x86_64